CRAN Package Check Results for Package BINtools

Last updated on 2022-07-04 02:53:25 CEST.

Flavor Version Tinstall Tcheck Ttotal Status Flags
r-devel-linux-x86_64-debian-clang 0.2.0 742.20 244.76 986.96 NOTE
r-devel-linux-x86_64-debian-gcc 0.2.0 703.08 226.32 929.40 NOTE
r-devel-linux-x86_64-fedora-clang 0.2.0 1414.41 NOTE
r-devel-linux-x86_64-fedora-gcc 0.2.0 1539.97 NOTE
r-devel-windows-x86_64 0.2.0 476.00 391.00 867.00 NOTE
r-patched-linux-x86_64 0.2.0 537.82 312.47 850.29 NOTE
r-release-linux-x86_64 0.2.0 534.39 304.50 838.89 NOTE
r-release-macos-arm64 0.2.0 316.00 NOTE
r-release-macos-x86_64 0.2.0 584.00 NOTE
r-release-windows-x86_64 0.2.0 1699.00 400.00 2099.00 NOTE
r-oldrel-macos-arm64 0.2.0 329.00 NOTE
r-oldrel-macos-x86_64 0.2.0 410.00 NOTE
r-oldrel-windows-ix86+x86_64 0.2.0 1710.00 831.00 2541.00 NOTE

Check Details

Version: 0.2.0
Check: for GNU extensions in Makefiles
Result: NOTE
    GNU make is a SystemRequirements.
Flavors: r-devel-linux-x86_64-debian-clang, r-devel-linux-x86_64-debian-gcc, r-devel-linux-x86_64-fedora-clang, r-devel-linux-x86_64-fedora-gcc, r-devel-windows-x86_64, r-patched-linux-x86_64, r-release-linux-x86_64, r-release-macos-arm64, r-release-macos-x86_64, r-release-windows-x86_64, r-oldrel-macos-arm64, r-oldrel-macos-x86_64, r-oldrel-windows-ix86+x86_64

Version: 0.2.0
Check: installed package size
Result: NOTE
     installed size is 67.8Mb
     sub-directories of 1Mb or more:
     libs 67.3Mb
Flavors: r-devel-linux-x86_64-fedora-clang, r-devel-windows-x86_64, r-release-macos-arm64, r-release-macos-x86_64, r-release-windows-x86_64, r-oldrel-macos-arm64, r-oldrel-macos-x86_64, r-oldrel-windows-ix86+x86_64