Last updated on 2025-11-15 03:50:03 CET.
| Flavor | Version | Tinstall | Tcheck | Ttotal | Status | Flags |
|---|---|---|---|---|---|---|
| r-devel-linux-x86_64-debian-clang | 0.3.4 | 29.33 | 79.25 | 108.58 | NOTE | |
| r-devel-linux-x86_64-debian-gcc | 0.3.4 | 19.75 | 57.66 | 77.41 | NOTE | |
| r-devel-linux-x86_64-fedora-clang | 0.3.4 | 70.00 | 109.48 | 179.48 | OK | |
| r-devel-linux-x86_64-fedora-gcc | 0.3.4 | 116.00 | 134.47 | 250.47 | OK | |
| r-devel-windows-x86_64 | 0.3.4 | 40.00 | 112.00 | 152.00 | OK | |
| r-patched-linux-x86_64 | 0.3.4 | 27.76 | 75.42 | 103.18 | OK | |
| r-release-linux-x86_64 | 0.3.4 | 30.29 | 76.41 | 106.70 | OK | |
| r-release-macos-arm64 | 0.3.4 | 13.00 | 94.00 | 107.00 | OK | |
| r-release-macos-x86_64 | 0.3.4 | 21.00 | 181.00 | 202.00 | OK | |
| r-release-windows-x86_64 | 0.3.4 | 35.00 | 111.00 | 146.00 | OK | |
| r-oldrel-macos-arm64 | 0.3.4 | 13.00 | 57.00 | 70.00 | OK | |
| r-oldrel-macos-x86_64 | 0.3.4 | 18.00 | 123.00 | 141.00 | OK | |
| r-oldrel-windows-x86_64 | 0.3.4 | 43.00 | 138.00 | 181.00 | OK |
Version: 0.3.4
Check: CRAN incoming feasibility
Result: NOTE
Maintainer: ‘Daniel Brunner <daniel.brunner@hhu.de>’
No Authors@R field in DESCRIPTION.
Please add one, modifying
Authors@R: c(person(given = "Daniel",
family = "Brunner",
role = c("aut", "cre"),
email = "daniel.brunner@hhu.de",
comment = "aut"),
person(given = "Constantin",
family = "Weiser",
role = "aut",
comment = "ctr"),
person(given = "Andre",
family = "Romahn",
role = "aut",
comment = "ctr"))
as necessary.
Flavors: r-devel-linux-x86_64-debian-clang, r-devel-linux-x86_64-debian-gcc