Last updated on 2022-05-27 02:50:11 CEST.
Flavor | Version | Tinstall | Tcheck | Ttotal | Status | Flags |
---|---|---|---|---|---|---|
r-devel-linux-x86_64-debian-clang | 1.0.0 | 208.95 | 123.84 | 332.79 | OK | |
r-devel-linux-x86_64-debian-gcc | 1.0.0 | 224.84 | 104.35 | 329.19 | OK | |
r-devel-linux-x86_64-fedora-clang | 1.0.0 | 563.72 | NOTE | |||
r-devel-linux-x86_64-fedora-gcc | 1.0.0 | 498.18 | OK | |||
r-devel-windows-x86_64 | 1.0.0 | 181.00 | 199.00 | 380.00 | OK | |
r-patched-linux-x86_64 | 1.0.0 | 172.06 | 117.14 | 289.20 | OK | |
r-release-linux-x86_64 | 1.0.0 | 224.65 | 117.72 | 342.37 | OK | |
r-release-macos-arm64 | 1.0.0 | 127.00 | NOTE | |||
r-release-macos-x86_64 | 1.0.0 | 190.00 | NOTE | |||
r-release-windows-x86_64 | 1.0.0 | 194.00 | 198.00 | 392.00 | OK | |
r-oldrel-macos-arm64 | 1.0.0 | 182.00 | NOTE | |||
r-oldrel-macos-x86_64 | 1.0.0 | 164.00 | NOTE | |||
r-oldrel-windows-ix86+x86_64 | 1.0.0 | 472.00 | 186.00 | 658.00 | NOTE |
Version: 1.0.0
Check: installed package size
Result: NOTE
installed size is 12.8Mb
sub-directories of 1Mb or more:
libs 11.6Mb
Flavors: r-devel-linux-x86_64-fedora-clang, r-release-macos-arm64, r-release-macos-x86_64, r-oldrel-macos-arm64, r-oldrel-macos-x86_64, r-oldrel-windows-ix86+x86_64