Last updated on 2022-05-21 02:50:40 CEST.
Flavor | Version | Tinstall | Tcheck | Ttotal | Status | Flags |
---|---|---|---|---|---|---|
r-devel-linux-x86_64-debian-clang | 1.0.3 | 8.88 | 122.56 | 131.44 | NOTE | |
r-devel-linux-x86_64-debian-gcc | 1.0.3 | 7.94 | 89.44 | 97.38 | NOTE | |
r-devel-linux-x86_64-fedora-clang | 1.0.3 | 160.17 | NOTE | |||
r-devel-linux-x86_64-fedora-gcc | 1.0.3 | 161.07 | NOTE | |||
r-devel-windows-x86_64 | 1.0.3 | 18.00 | 143.00 | 161.00 | NOTE | |
r-patched-linux-x86_64 | 1.0.3 | 7.83 | 114.15 | 121.98 | NOTE | |
r-release-linux-x86_64 | 1.0.3 | 7.09 | 117.85 | 124.94 | NOTE | |
r-release-macos-arm64 | 1.0.3 | 44.00 | NOTE | |||
r-release-macos-x86_64 | 1.0.3 | 64.00 | NOTE | |||
r-release-windows-x86_64 | 1.0.3 | 18.00 | 140.00 | 158.00 | NOTE | |
r-oldrel-macos-arm64 | 1.0.3 | 61.00 | NOTE | |||
r-oldrel-macos-x86_64 | 1.0.3 | 58.00 | NOTE | |||
r-oldrel-windows-ix86+x86_64 | 1.0.3 | 21.00 | 134.00 | 155.00 | NOTE |
Version: 1.0.3
Check: package dependencies
Result: NOTE
Packages suggested but not available for checking: 'cplexAPI', 'bestsubset'
Flavors: r-devel-linux-x86_64-debian-clang, r-devel-linux-x86_64-debian-gcc, r-devel-linux-x86_64-fedora-clang, r-devel-linux-x86_64-fedora-gcc, r-devel-windows-x86_64, r-patched-linux-x86_64, r-release-linux-x86_64, r-release-macos-arm64, r-release-macos-x86_64, r-release-windows-x86_64, r-oldrel-macos-arm64, r-oldrel-macos-x86_64, r-oldrel-windows-ix86+x86_64