Last updated on 2024-08-16 01:48:14 CEST.
Flavor | Version | Tinstall | Tcheck | Ttotal | Status | Flags |
---|---|---|---|---|---|---|
r-devel-linux-x86_64-debian-clang | 3.2.5 | 35.97 | 110.20 | 146.17 | OK | |
r-devel-linux-x86_64-debian-gcc | 3.2.5 | 25.62 | 73.82 | 99.44 | OK | |
r-devel-linux-x86_64-fedora-clang | 3.2.5 | 239.28 | OK | |||
r-devel-linux-x86_64-fedora-gcc | 3.2.5 | 230.52 | OK | |||
r-devel-windows-x86_64 | 3.2.5 | 43.00 | 139.00 | 182.00 | NOTE | |
r-patched-linux-x86_64 | 3.2.5 | 35.08 | 99.03 | 134.11 | OK | |
r-release-linux-x86_64 | 3.2.5 | 31.93 | 99.32 | 131.25 | OK | |
r-release-macos-arm64 | 3.2.5 | 68.00 | OK | |||
r-release-macos-x86_64 | 3.2.5 | 102.00 | OK | |||
r-release-windows-x86_64 | 3.2.5 | 43.00 | 138.00 | 181.00 | NOTE | |
r-oldrel-macos-arm64 | 3.2.5 | 70.00 | OK | |||
r-oldrel-macos-x86_64 | 3.2.5 | 117.00 | OK | |||
r-oldrel-windows-x86_64 | 3.2.5 | 54.00 | 174.00 | 228.00 | NOTE |
Version: 3.2.5
Check: C++ specification
Result: NOTE
Specified C++11: please drop specification unless essential
Flavors: r-devel-windows-x86_64, r-release-windows-x86_64, r-oldrel-windows-x86_64