CRAN Package Check Results for Package BSW

Last updated on 2025-10-09 02:51:37 CEST.

Flavor Version Tinstall Tcheck Ttotal Status Flags
r-devel-linux-x86_64-debian-clang 0.1.1 6.48 62.52 69.00 NOTE
r-devel-linux-x86_64-debian-gcc 0.1.2 5.19 72.95 78.14 OK
r-devel-linux-x86_64-fedora-clang 0.1.1 106.41 OK
r-devel-linux-x86_64-fedora-gcc 0.1.2 178.27 OK
r-devel-windows-x86_64 0.1.2 8.00 108.00 116.00 OK
r-patched-linux-x86_64 0.1.2 6.34 102.59 108.93 OK
r-release-linux-x86_64 0.1.1 5.84 59.63 65.47 OK
r-release-macos-arm64 0.1.2 57.00 OK
r-release-macos-x86_64 0.1.2 118.00 OK
r-release-windows-x86_64 0.1.1 7.00 75.00 82.00 OK
r-oldrel-macos-arm64 0.1.2 66.00 OK
r-oldrel-macos-x86_64 0.1.2 117.00 OK
r-oldrel-windows-x86_64 0.1.2 13.00 143.00 156.00 OK

Check Details

Version: 0.1.1
Check: CRAN incoming feasibility
Result: NOTE Maintainer: ‘Adam Bekhit <imbei@med-imbei.uni-saarland.de>’ No Authors@R field in DESCRIPTION. Please add one, modifying Authors@R: c(person(given = "Adam", family = "Bekhit", role = c("aut", "cre"), email = "imbei@med-imbei.uni-saarland.de"), person(given = "Jakob", family = "Schöpe", role = "aut"), person(given = "Stefan", family = "Wagenpfeil", role = "aut")) as necessary. Flavor: r-devel-linux-x86_64-debian-clang