Last updated on 2022-06-30 01:49:04 CEST.
Flavor | Version | Tinstall | Tcheck | Ttotal | Status | Flags |
---|---|---|---|---|---|---|
r-devel-linux-x86_64-debian-clang | 2021.11.2 | 12.83 | 107.84 | 120.67 | OK | |
r-devel-linux-x86_64-debian-gcc | 2021.11.2 | 10.53 | 78.58 | 89.11 | OK | |
r-devel-linux-x86_64-fedora-clang | 2021.11.2 | 150.64 | NOTE | |||
r-devel-linux-x86_64-fedora-gcc | 2021.11.2 | 147.27 | OK | |||
r-devel-windows-x86_64 | 2021.11.2 | 40.00 | 158.00 | 198.00 | NOTE | |
r-patched-linux-x86_64 | 2021.11.2 | 10.37 | 99.99 | 110.36 | OK | |
r-release-linux-x86_64 | 2021.11.2 | 11.16 | 101.74 | 112.90 | OK | |
r-release-macos-arm64 | 2021.11.2 | 49.00 | NOTE | |||
r-release-macos-x86_64 | 2021.11.2 | 59.00 | NOTE | |||
r-release-windows-x86_64 | 2021.11.2 | 49.00 | 136.00 | 185.00 | NOTE | |
r-oldrel-macos-arm64 | 2021.11.2 | 42.00 | NOTE | |||
r-oldrel-macos-x86_64 | 2021.11.2 | 61.00 | NOTE | |||
r-oldrel-windows-ix86+x86_64 | 2021.11.2 | 26.00 | 125.00 | 151.00 | NOTE |
Version: 2021.11.2
Check: installed package size
Result: NOTE
installed size is 5.3Mb
sub-directories of 1Mb or more:
doc 4.9Mb
Flavors: r-devel-linux-x86_64-fedora-clang, r-devel-windows-x86_64, r-release-macos-arm64, r-release-macos-x86_64, r-release-windows-x86_64, r-oldrel-macos-arm64, r-oldrel-macos-x86_64, r-oldrel-windows-ix86+x86_64