Last updated on 2024-08-16 01:48:13 CEST.
Flavor | Version | Tinstall | Tcheck | Ttotal | Status | Flags |
---|---|---|---|---|---|---|
r-devel-linux-x86_64-debian-clang | 0.2.0 | 6.57 | 28.25 | 34.82 | NOTE | |
r-devel-linux-x86_64-debian-gcc | 0.2.0 | 3.97 | 20.69 | 24.66 | NOTE | |
r-devel-linux-x86_64-fedora-clang | 0.2.0 | 54.18 | NOTE | |||
r-devel-linux-x86_64-fedora-gcc | 0.2.0 | 51.00 | NOTE | |||
r-devel-windows-x86_64 | 0.2.0 | 7.00 | 48.00 | 55.00 | NOTE | |
r-patched-linux-x86_64 | 0.2.0 | 5.46 | 26.15 | 31.61 | NOTE | |
r-release-linux-x86_64 | 0.2.0 | 5.76 | 26.15 | 31.91 | NOTE | |
r-release-macos-arm64 | 0.2.0 | 21.00 | NOTE | |||
r-release-macos-x86_64 | 0.2.0 | 35.00 | NOTE | |||
r-release-windows-x86_64 | 0.2.0 | 9.00 | 48.00 | 57.00 | NOTE | |
r-oldrel-macos-arm64 | 0.2.0 | 22.00 | NOTE | |||
r-oldrel-macos-x86_64 | 0.2.0 | 29.00 | NOTE | |||
r-oldrel-windows-x86_64 | 0.2.0 | 10.00 | 52.00 | 62.00 | NOTE |
Version: 0.2.0
Check: LazyData
Result: NOTE
'LazyData' is specified without a 'data' directory
Flavors: r-devel-linux-x86_64-debian-clang, r-devel-linux-x86_64-debian-gcc, r-devel-linux-x86_64-fedora-clang, r-devel-linux-x86_64-fedora-gcc, r-devel-windows-x86_64, r-patched-linux-x86_64, r-release-linux-x86_64, r-release-macos-arm64, r-release-macos-x86_64, r-release-windows-x86_64, r-oldrel-macos-arm64, r-oldrel-macos-x86_64, r-oldrel-windows-x86_64
Version: 0.2.0
Check: dependencies in R code
Result: NOTE
Namespace in Imports field not imported from: ‘testthat’
All declared Imports should be used.
Flavors: r-devel-linux-x86_64-fedora-clang, r-devel-linux-x86_64-fedora-gcc