Last updated on 2024-03-29 01:50:59 CET.
Flavor | Version | Tinstall | Tcheck | Ttotal | Status | Flags |
---|---|---|---|---|---|---|
r-devel-linux-x86_64-debian-clang | 1.4.3 | 7.05 | 145.72 | 152.77 | NOTE | |
r-devel-linux-x86_64-debian-gcc | 1.4.3 | 5.70 | 121.86 | 127.56 | NOTE | |
r-devel-linux-x86_64-fedora-clang | 1.4.3 | 187.86 | NOTE | |||
r-devel-linux-x86_64-fedora-gcc | 1.4.3 | 185.78 | NOTE | |||
r-devel-windows-x86_64 | 1.4.3 | 7.00 | 137.00 | 144.00 | NOTE | |
r-patched-linux-x86_64 | 1.4.3 | 13.05 | 144.86 | 157.91 | NOTE | |
r-release-linux-x86_64 | 1.4.3 | 6.39 | 145.06 | 151.45 | OK | |
r-release-macos-arm64 | 1.4.3 | 70.00 | OK | |||
r-release-macos-x86_64 | 1.4.3 | 107.00 | OK | |||
r-release-windows-x86_64 | 1.4.3 | 9.00 | 174.00 | 183.00 | OK | |
r-oldrel-macos-arm64 | 1.4.3 | 61.00 | OK | |||
r-oldrel-windows-x86_64 | 1.4.3 | 10.00 | 168.00 | 178.00 | OK |
Version: 1.4.3
Check: Rd files
Result: NOTE
checkRd: (-1) ExperimentJob.Rd:14: Lost braces
14 | \item{\code{algo.id} [\code{character(1)}]:}{algo.id}{Algorithm ID.}
| ^
checkRd: (-1) getAlgorithmIds.Rd:13: Lost braces
13 | \item{ids}{[code{integer}]\cr
| ^
checkRd: (-1) getProblemIds.Rd:13: Lost braces
13 | \item{ids}{[code{integer}]\cr
| ^
checkRd: (-1) makeExperimentRegistry.Rd:28: Lost braces
28 | Default is dQuote{<name of registry>_files} in current working directory.}
| ^
Flavors: r-devel-linux-x86_64-debian-clang, r-devel-linux-x86_64-debian-gcc, r-devel-linux-x86_64-fedora-clang, r-devel-linux-x86_64-fedora-gcc, r-devel-windows-x86_64, r-patched-linux-x86_64