Last updated on 2025-05-27 01:49:38 CEST.
Flavor | Version | Tinstall | Tcheck | Ttotal | Status | Flags |
---|---|---|---|---|---|---|
r-devel-linux-x86_64-debian-clang | 0.1.1 | 9.01 | 77.95 | 86.96 | NOTE | |
r-devel-linux-x86_64-debian-gcc | 0.1.1 | 6.11 | 55.17 | 61.28 | NOTE | |
r-devel-linux-x86_64-fedora-clang | 0.1.1 | 137.20 | OK | |||
r-devel-linux-x86_64-fedora-gcc | 0.1.1 | 129.92 | OK | |||
r-devel-windows-x86_64 | 0.1.1 | 10.00 | 81.00 | 91.00 | OK | |
r-patched-linux-x86_64 | 0.1.1 | 8.11 | 74.49 | 82.60 | OK | |
r-release-linux-x86_64 | 0.1.1 | 8.13 | 74.33 | 82.46 | OK | |
r-release-macos-arm64 | 0.1.1 | 55.00 | OK | |||
r-release-macos-x86_64 | 0.1.1 | 91.00 | OK | |||
r-release-windows-x86_64 | 0.1.1 | 9.00 | 82.00 | 91.00 | OK | |
r-oldrel-macos-arm64 | 0.1.1 | 38.00 | OK | |||
r-oldrel-macos-x86_64 | 0.1.1 | 57.00 | OK | |||
r-oldrel-windows-x86_64 | 0.1.1 | 12.00 | 101.00 | 113.00 | OK |
Version: 0.1.1
Check: CRAN incoming feasibility
Result: NOTE
Maintainer: ‘Achal Lama <achal.lama@icar.gov.in>’
No Authors@R field in DESCRIPTION.
Please add one, modifying
Authors@R: c(person(given = "Achal",
family = "Lama",
role = c("aut", "cre"),
email = "achal.lama@icar.gov.in"),
person(given = c("Girish", "K"),
family = "Jha",
role = "aut"),
person(given = c("K", "N"),
family = "Singh",
role = "aut"),
person(given = "Bishal",
family = "Gurung",
role = "aut"))
as necessary.
Flavors: r-devel-linux-x86_64-debian-clang, r-devel-linux-x86_64-debian-gcc