Last updated on 2025-05-19 01:49:47 CEST.
Flavor | Version | Tinstall | Tcheck | Ttotal | Status | Flags |
---|---|---|---|---|---|---|
r-devel-linux-x86_64-debian-clang | 2.1.0 | 43.31 | 130.42 | 173.73 | OK | |
r-devel-linux-x86_64-debian-gcc | 2.1.0 | 31.58 | 102.93 | 134.51 | OK | |
r-devel-linux-x86_64-fedora-clang | 2.1.0 | 263.26 | OK | |||
r-devel-linux-x86_64-fedora-gcc | 2.1.0 | 315.87 | OK | |||
r-devel-windows-x86_64 | 2.1.0 | 49.00 | 166.00 | 215.00 | OK | |
r-patched-linux-x86_64 | 2.1.0 | 42.65 | 118.17 | 160.82 | OK | |
r-release-linux-x86_64 | 2.1.0 | 42.78 | 105.20 | 147.98 | OK | |
r-release-macos-arm64 | 2.1.0 | 69.00 | OK | |||
r-release-macos-x86_64 | 2.1.0 | 111.00 | OK | |||
r-release-windows-x86_64 | 2.1.0 | 50.00 | 168.00 | 218.00 | ERROR | |
r-oldrel-macos-arm64 | 2.1.0 | 147.00 | NOTE | |||
r-oldrel-macos-x86_64 | 2.1.0 | 126.00 | NOTE | |||
r-oldrel-windows-x86_64 | 2.1.0 | 60.00 | 177.00 | 237.00 | OK |
Version: 2.1.0
Check: tests
Result: ERROR
Running 'testthat.R' [1s]
Running the tests in 'tests/testthat.R' failed.
Complete output:
> # This file is part of the standard setup for testthat.
> # It is recommended that you do not modify it.
> #
> # Where should you do additional test configuration?
> # Learn more about the roles of various files in:
> # * https://r-pkgs.org/testing-design.html#sec-tests-files-overview
> # * https://testthat.r-lib.org/articles/special-files.html
>
> library(testthat)
> library(BayesChange)
>
> test_check("BayesChange")
[ FAIL 1 | WARN 0 | SKIP 0 | PASS 1 ]
══ Failed tests ════════════════════════════════════════════════════════════════
── Error ('test-test-clust_cp.R:11:3'): clust_cp works ─────────────────────────
<std::logic_error/C++Error/error/condition>
Error: max(): object has no elements
Backtrace:
▆
1. └─BayesChange::clust_cp(...) at test-test-clust_cp.R:11:3
2. └─BayesChange::clust_cp_uni(...)
[ FAIL 1 | WARN 0 | SKIP 0 | PASS 1 ]
Error: Test failures
Execution halted
Flavor: r-release-windows-x86_64
Version: 2.1.0
Check: installed package size
Result: NOTE
installed size is 6.8Mb
sub-directories of 1Mb or more:
libs 6.5Mb
Flavors: r-oldrel-macos-arm64, r-oldrel-macos-x86_64