Last updated on 2024-03-28 01:53:51 CET.
Flavor | Version | Tinstall | Tcheck | Ttotal | Status | Flags |
---|---|---|---|---|---|---|
r-devel-linux-x86_64-debian-clang | 0.1.19 | 66.73 | 84.97 | 151.70 | NOTE | |
r-devel-linux-x86_64-debian-gcc | 0.1.19 | 50.24 | 64.50 | 114.74 | NOTE | |
r-devel-linux-x86_64-fedora-clang | 0.1.19 | 203.60 | NOTE | |||
r-devel-linux-x86_64-fedora-gcc | 0.1.19 | 201.78 | NOTE | |||
r-devel-windows-x86_64 | 0.1.19 | 52.00 | 98.00 | 150.00 | NOTE | |
r-patched-linux-x86_64 | 0.1.19 | 59.20 | 84.66 | 143.86 | NOTE | |
r-release-linux-x86_64 | 0.1.19 | 60.14 | 81.28 | 141.42 | NOTE | |
r-release-macos-arm64 | 0.1.19 | 59.00 | NOTE | |||
r-release-macos-x86_64 | 0.1.19 | 95.00 | NOTE | |||
r-release-windows-x86_64 | 0.1.19 | 65.00 | 117.00 | 182.00 | NOTE | |
r-oldrel-macos-arm64 | 0.1.19 | 69.00 | NOTE | |||
r-oldrel-windows-x86_64 | 0.1.19 | 60.00 | 112.00 | 172.00 | NOTE |
Version: 0.1.19
Check: LazyData
Result: NOTE
'LazyData' is specified without a 'data' directory
Flavors: r-devel-linux-x86_64-debian-clang, r-devel-linux-x86_64-debian-gcc, r-devel-linux-x86_64-fedora-clang, r-devel-linux-x86_64-fedora-gcc, r-devel-windows-x86_64, r-patched-linux-x86_64, r-release-linux-x86_64, r-release-macos-arm64, r-release-macos-x86_64, r-release-windows-x86_64, r-oldrel-macos-arm64, r-oldrel-windows-x86_64
Version: 0.1.19
Check: dependencies in R code
Result: NOTE
Namespaces in Imports field not imported from:
‘MASS’ ‘MatrixModels’
All declared Imports should be used.
Flavors: r-devel-linux-x86_64-fedora-clang, r-devel-linux-x86_64-fedora-gcc, r-oldrel-macos-arm64