Last updated on 2024-08-16 01:48:13 CEST.
Flavor | Version | Tinstall | Tcheck | Ttotal | Status | Flags |
---|---|---|---|---|---|---|
r-devel-linux-x86_64-debian-clang | 1.0 | 24.24 | 28.25 | 52.49 | OK | |
r-devel-linux-x86_64-debian-gcc | 1.0 | 17.55 | 21.49 | 39.04 | OK | |
r-devel-linux-x86_64-fedora-clang | 1.0 | 84.51 | OK | |||
r-devel-linux-x86_64-fedora-gcc | 1.0 | 89.71 | OK | |||
r-devel-windows-x86_64 | 1.0 | 24.00 | 65.00 | 89.00 | OK | |
r-patched-linux-x86_64 | 1.0 | 22.56 | 26.97 | 49.53 | OK | |
r-release-linux-x86_64 | 1.0 | 22.16 | 26.83 | 48.99 | OK | |
r-release-macos-arm64 | 1.0 | 28.00 | NOTE | |||
r-release-macos-x86_64 | 1.0 | 43.00 | NOTE | |||
r-release-windows-x86_64 | 1.0 | 24.00 | 64.00 | 88.00 | OK | |
r-oldrel-macos-arm64 | 1.0 | 32.00 | NOTE | |||
r-oldrel-macos-x86_64 | 1.0 | 46.00 | NOTE | |||
r-oldrel-windows-x86_64 | 1.0 | 29.00 | 74.00 | 103.00 | OK |
Version: 1.0
Check: installed package size
Result: NOTE
installed size is 8.8Mb
sub-directories of 1Mb or more:
libs 8.7Mb
Flavors: r-release-macos-arm64, r-release-macos-x86_64, r-oldrel-macos-arm64, r-oldrel-macos-x86_64