CRAN Package Check Results for Package BayesRGMM

Last updated on 2025-10-09 02:51:36 CEST.

Flavor Version Tinstall Tcheck Ttotal Status Flags
r-devel-linux-x86_64-debian-clang 2.2 93.30 151.99 245.29 WARN
r-devel-linux-x86_64-debian-gcc 2.2 69.23 102.15 171.38 WARN
r-devel-linux-x86_64-fedora-clang 2.2 409.65 NOTE
r-devel-linux-x86_64-fedora-gcc 2.2 418.20 NOTE
r-devel-windows-x86_64 2.2 112.00 182.00 294.00 NOTE
r-patched-linux-x86_64 2.2 100.72 136.36 237.08 NOTE
r-release-linux-x86_64 2.2 99.66 134.86 234.52 NOTE
r-release-macos-arm64 2.2 141.00 NOTE
r-release-macos-x86_64 2.2 217.00 NOTE
r-release-windows-x86_64 2.2 112.00 189.00 301.00 NOTE
r-oldrel-macos-arm64 2.2 114.00 NOTE
r-oldrel-macos-x86_64 2.2 176.00 NOTE
r-oldrel-windows-x86_64 2.2 135.00 219.00 354.00 NOTE

Check Details

Version: 2.2
Check: whether package can be installed
Result: WARN Found the following significant warnings: /home/hornik/tmp/R.check/r-devel-clang/Work/build/Packages/RcppArmadillo/include/RcppArmadillo/version/arma.h:66:17: warning: Using fallback compilation with Armadillo 14.6.3. Please consider defining -DARMA_USE_CURRENT and also removing C++11 compilation directive. See GitHub issue #475 for more. [-W#pragma-messages] See ‘/home/hornik/tmp/R.check/r-devel-clang/Work/PKGS/BayesRGMM.Rcheck/00install.out’ for details. * used C++ compiler: ‘Debian clang version 19.1.7 (7)’ Flavor: r-devel-linux-x86_64-debian-clang

Version: 2.2
Check: C++ specification
Result: NOTE Specified C++11: please drop specification unless essential Flavors: r-devel-linux-x86_64-debian-clang, r-devel-linux-x86_64-debian-gcc, r-devel-linux-x86_64-fedora-clang, r-devel-linux-x86_64-fedora-gcc, r-devel-windows-x86_64, r-patched-linux-x86_64, r-release-linux-x86_64, r-release-macos-arm64, r-release-macos-x86_64, r-release-windows-x86_64, r-oldrel-macos-arm64, r-oldrel-macos-x86_64, r-oldrel-windows-x86_64

Version: 2.2
Check: whether package can be installed
Result: WARN Found the following significant warnings: /home/hornik/tmp/R.check/r-devel-gcc/Work/build/Packages/RcppArmadillo/include/RcppArmadillo/version/arma.h:66:199: note: ‘#pragma message: Using fallback compilation with Armadillo 14.6.3. Please consider defining -DARMA_USE_CURRENT and also removing C++11 compilation directive. See GitHub issue #475 for more.’ See ‘/home/hornik/tmp/R.check/r-devel-gcc/Work/PKGS/BayesRGMM.Rcheck/00install.out’ for details. * used C++ compiler: ‘g++-15 (Debian 15.2.0-4) 15.2.0’ Flavor: r-devel-linux-x86_64-debian-gcc

Version: 2.2
Check: installed package size
Result: NOTE installed size is 8.1Mb sub-directories of 1Mb or more: libs 7.5Mb Flavors: r-oldrel-macos-arm64, r-oldrel-macos-x86_64