CRAN Package Check Results for Package BayesSampling

Last updated on 2025-04-30 01:50:13 CEST.

Flavor Version Tinstall Tcheck Ttotal Status Flags
r-devel-linux-x86_64-debian-clang 1.1.0 7.36 74.34 81.70 OK
r-devel-linux-x86_64-debian-gcc 1.1.0 5.01 51.47 56.48 OK
r-devel-linux-x86_64-fedora-clang 1.1.0 126.66 NOTE
r-devel-linux-x86_64-fedora-gcc 1.1.0 153.97 NOTE
r-devel-windows-x86_64 1.1.0 7.00 93.00 100.00 OK
r-patched-linux-x86_64 1.1.0 7.85 70.14 77.99 OK
r-release-linux-x86_64 1.1.0 7.49 70.16 77.65 OK
r-release-macos-arm64 1.1.0 81.00 OK
r-release-macos-x86_64 1.1.0 114.00 OK
r-release-windows-x86_64 1.1.0 8.00 101.00 109.00 OK
r-oldrel-macos-arm64 1.1.0 50.00 OK
r-oldrel-macos-x86_64 1.1.0 79.00 OK
r-oldrel-windows-x86_64 1.1.0 10.00 110.00 120.00 OK

Check Details

Version: 1.1.0
Check: dependencies in R code
Result: NOTE Namespaces in Imports field not imported from: ‘MASS’ ‘Matrix’ ‘matrixcalc’ ‘stats’ All declared Imports should be used. Flavors: r-devel-linux-x86_64-fedora-clang, r-devel-linux-x86_64-fedora-gcc