Last updated on 2024-04-18 01:55:03 CEST.
Flavor | Version | Tinstall | Tcheck | Ttotal | Status | Flags |
---|---|---|---|---|---|---|
r-devel-linux-x86_64-debian-clang | 0.3-1.5 | 22.58 | 29.65 | 52.23 | OK | |
r-devel-linux-x86_64-debian-gcc | 0.3-1.5 | 16.49 | 23.63 | 40.12 | OK | |
r-devel-linux-x86_64-fedora-clang | 0.3-1.5 | 89.78 | NOTE | |||
r-devel-linux-x86_64-fedora-gcc | 0.3-1.5 | 68.71 | NOTE | |||
r-prerel-macos-arm64 | 0.3-1.5 | 23.00 | OK | |||
r-prerel-macos-x86_64 | 0.3-1.5 | 79.00 | OK | |||
r-prerel-windows-x86_64 | 0.3-1.5 | 22.00 | 61.00 | 83.00 | OK | |
r-patched-linux-x86_64 | 0.3-1.5 | 21.25 | 30.34 | 51.59 | OK | |
r-release-linux-x86_64 | 0.3-1.5 | 22.20 | 30.02 | 52.22 | OK | |
r-release-macos-arm64 | 0.3-1.5 | 30.00 | OK | |||
r-release-macos-x86_64 | 0.3-1.5 | 77.00 | OK | |||
r-release-windows-x86_64 | 0.3-1.5 | 22.00 | 73.00 | 95.00 | OK | |
r-oldrel-macos-arm64 | 0.3-1.5 | 31.00 | OK | |||
r-oldrel-windows-x86_64 | 0.3-1.5 | 23.00 | 67.00 | 90.00 | OK |
Version: 0.3-1.5
Check: compiled code
Result: NOTE
File ‘BayesTree/libs/BayesTree.so’:
Found no calls to: ‘R_registerRoutines’, ‘R_useDynamicSymbols’
It is good practice to register native routines and to disable symbol
search.
See ‘Writing portable packages’ in the ‘Writing R Extensions’ manual.
Flavors: r-devel-linux-x86_64-fedora-clang, r-devel-linux-x86_64-fedora-gcc