CRAN Package Check Results for Package BayesianFROC

Last updated on 2020-02-17 03:49:02 CET.

Flavor Version Tinstall Tcheck Ttotal Status Flags
r-devel-linux-x86_64-debian-clang 0.2.1 1.07 2.63 3.70 ERROR
r-devel-linux-x86_64-debian-gcc 0.2.1 0.68 1.96 2.64 ERROR
r-devel-linux-x86_64-fedora-clang 0.2.1 192.29 OK
r-devel-windows-ix86+x86_64 0.2.1 46.00 169.00 215.00 OK
r-devel-windows-ix86+x86_64-gcc8 0.2.1 58.00 211.00 269.00 OK
r-patched-linux-x86_64 0.2.1 20.70 121.28 141.98 OK
r-patched-solaris-x86 0.2.1 234.10 OK
r-release-linux-x86_64 0.2.1 20.30 122.02 142.32 OK
r-release-windows-ix86+x86_64 0.2.1 34.00 137.00 171.00 OK
r-release-osx-x86_64 0.2.1 NOTE
r-oldrel-windows-ix86+x86_64 0.2.1 27.00 143.00 170.00 OK
r-oldrel-osx-x86_64 0.2.1 NOTE

Check Details

Version: 0.2.1
Check: package dependencies
Result: ERROR
    Package required but not available: 'car'
    
    See section 'The DESCRIPTION file' in the 'Writing R Extensions'
    manual.
Flavors: r-devel-linux-x86_64-debian-clang, r-devel-linux-x86_64-debian-gcc

Version: 0.2.1
Check: dependencies in R code
Result: NOTE
    No protocol specified
    No protocol specified
Flavors: r-release-osx-x86_64, r-oldrel-osx-x86_64