Last updated on 2024-04-23 01:56:53 CEST.
Flavor | Version | Tinstall | Tcheck | Ttotal | Status | Flags |
---|---|---|---|---|---|---|
r-devel-linux-x86_64-debian-clang | 0.1.8 | 34.27 | 288.05 | 322.32 | NOTE | |
r-devel-linux-x86_64-debian-gcc | 0.1.8 | 26.03 | 208.43 | 234.46 | NOTE | |
r-devel-linux-x86_64-fedora-clang | 0.1.8 | 415.30 | NOTE | |||
r-devel-linux-x86_64-fedora-gcc | 0.1.8 | 392.20 | NOTE | |||
r-prerel-macos-arm64 | 0.1.8 | 98.00 | NOTE | |||
r-prerel-windows-x86_64 | 0.1.8 | 31.00 | 242.00 | 273.00 | NOTE | |
r-patched-linux-x86_64 | 0.1.8 | 38.23 | 270.40 | 308.63 | NOTE | |
r-release-linux-x86_64 | 0.1.8 | 32.13 | 283.04 | 315.17 | OK | |
r-release-macos-arm64 | 0.1.8 | 111.00 | OK | |||
r-release-macos-x86_64 | 0.1.8 | 182.00 | NOTE | |||
r-release-windows-x86_64 | 0.1.8 | 41.00 | 309.00 | 350.00 | OK | |
r-oldrel-macos-arm64 | 0.1.8 | 72.00 | OK | |||
r-oldrel-windows-x86_64 | 0.1.8 | 42.00 | 281.00 | 323.00 | OK |
Version: 0.1.8
Check: Rd files
Result: NOTE
checkRd: (-1) DE.Rd:43: Lost braces in \itemize; meant \describe ?
checkRd: (-1) DE.Rd:44: Lost braces in \itemize; meant \describe ?
checkRd: (-1) DE.Rd:45: Lost braces in \itemize; meant \describe ?
checkRd: (-1) DE.Rd:46: Lost braces in \itemize; meant \describe ?
checkRd: (-1) DEzs.Rd:58: Lost braces in \itemize; meant \describe ?
checkRd: (-1) DEzs.Rd:59: Lost braces in \itemize; meant \describe ?
checkRd: (-1) DEzs.Rd:60: Lost braces in \itemize; meant \describe ?
checkRd: (-1) DEzs.Rd:61: Lost braces in \itemize; meant \describe ?
Flavors: r-devel-linux-x86_64-debian-clang, r-devel-linux-x86_64-debian-gcc, r-devel-linux-x86_64-fedora-clang, r-devel-linux-x86_64-fedora-gcc, r-prerel-macos-arm64, r-prerel-windows-x86_64, r-patched-linux-x86_64
Version: 0.1.8
Check: package dependencies
Result: NOTE
Package suggested but not available for checking: ‘sensitivity’
Flavor: r-release-macos-x86_64