CRAN Package Check Results for Package BiasedUrn

Last updated on 2020-04-08 19:49:06 CEST.

Flavor Version Tinstall Tcheck Ttotal Status Flags
r-devel-linux-x86_64-debian-clang 1.07 8.33 22.44 30.77 OK
r-devel-linux-x86_64-debian-gcc 1.07 5.55 18.38 23.93 OK
r-devel-linux-x86_64-fedora-clang 1.07 40.38 NOTE
r-devel-linux-x86_64-fedora-gcc 1.07 39.35 NOTE
r-devel-windows-ix86+x86_64 1.07 22.00 64.00 86.00 OK
r-devel-windows-ix86+x86_64-gcc8 1.07 23.00 40.00 63.00 OK
r-patched-linux-x86_64 1.07 6.49 22.43 28.92 OK
r-patched-solaris-x86 1.07 62.40 OK
r-release-linux-x86_64 1.07 6.89 21.30 28.19 OK
r-release-windows-ix86+x86_64 1.07 21.00 55.00 76.00 OK
r-release-osx-x86_64 1.07 OK
r-oldrel-windows-ix86+x86_64 1.07 19.00 34.00 53.00 OK
r-oldrel-osx-x86_64 1.07 OK

Check Details

Version: 1.07
Check: compiled code
Result: NOTE
    File ‘BiasedUrn/libs/BiasedUrn.so’:
     Found no calls to: ‘R_registerRoutines’, ‘R_useDynamicSymbols’
    
    It is good practice to register native routines and to disable symbol
    search.
    
    See ‘Writing portable packages’ in the ‘Writing R Extensions’ manual.
Flavors: r-devel-linux-x86_64-fedora-clang, r-devel-linux-x86_64-fedora-gcc