Last updated on 2022-07-03 01:48:49 CEST.
Flavor | Version | Tinstall | Tcheck | Ttotal | Status | Flags |
---|---|---|---|---|---|---|
r-devel-linux-x86_64-debian-clang | 1.1.0 | 107.98 | 347.96 | 455.94 | OK | |
r-devel-linux-x86_64-debian-gcc | 1.1.0 | 85.69 | 247.71 | 333.40 | OK | |
r-devel-linux-x86_64-fedora-clang | 1.1.0 | 581.55 | NOTE | |||
r-devel-linux-x86_64-fedora-gcc | 1.1.0 | 561.22 | OK | |||
r-devel-windows-x86_64 | 1.1.0 | 79.00 | 378.00 | 457.00 | OK | |
r-patched-linux-x86_64 | 1.1.0 | 85.11 | 328.55 | 413.66 | OK | |
r-release-linux-x86_64 | 1.1.0 | 87.85 | 326.81 | 414.66 | OK | |
r-release-macos-arm64 | 1.1.0 | 175.00 | NOTE | |||
r-release-macos-x86_64 | 1.1.0 | 181.00 | NOTE | |||
r-release-windows-x86_64 | 1.1.0 | 168.00 | 380.00 | 548.00 | OK | |
r-oldrel-macos-arm64 | 1.1.0 | 161.00 | NOTE | |||
r-oldrel-macos-x86_64 | 1.1.0 | 176.00 | NOTE | |||
r-oldrel-windows-ix86+x86_64 | 1.1.0 | 210.00 | 410.00 | 620.00 | OK |
Version: 1.1.0
Check: installed package size
Result: NOTE
installed size is 16.1Mb
sub-directories of 1Mb or more:
doc 1.2Mb
libs 14.4Mb
Flavors: r-devel-linux-x86_64-fedora-clang, r-release-macos-arm64, r-release-macos-x86_64, r-oldrel-macos-arm64, r-oldrel-macos-x86_64