Last updated on 2025-05-03 01:50:53 CEST.
Flavor | Version | Tinstall | Tcheck | Ttotal | Status | Flags |
---|---|---|---|---|---|---|
r-devel-linux-x86_64-debian-clang | 0.1.5 | 1.75 | 34.54 | 36.29 | NOTE | |
r-devel-linux-x86_64-debian-gcc | 0.1.5 | 1.50 | 25.27 | 26.77 | NOTE | |
r-devel-linux-x86_64-fedora-clang | 0.1.6 | 65.69 | OK | |||
r-devel-linux-x86_64-fedora-gcc | 0.1.5 | 71.05 | OK | |||
r-devel-windows-x86_64 | 0.1.5 | 6.00 | 55.00 | 61.00 | OK | |
r-patched-linux-x86_64 | 0.1.5 | 2.65 | 33.03 | 35.68 | OK | |
r-release-linux-x86_64 | OK | |||||
r-release-macos-arm64 | 0.1.6 | 27.00 | OK | |||
r-release-macos-x86_64 | 0.1.6 | 53.00 | OK | |||
r-release-windows-x86_64 | 0.1.5 | 5.00 | 54.00 | 59.00 | OK | |
r-oldrel-macos-arm64 | 0.1.6 | 34.00 | OK | |||
r-oldrel-macos-x86_64 | 0.1.6 | 59.00 | OK | |||
r-oldrel-windows-x86_64 | 0.1.5 | 6.00 | 69.00 | 75.00 | OK |
Version: 0.1.5
Check: CRAN incoming feasibility
Result: NOTE
Maintainer: ‘Clarke van Steenderen <vsteenderen@gmail.com>’
The Description field contains
<https://besjournals.onlinelibrary.wiley.com/doi/full/10.1111/1365-2745.12869>,
Please use permanent DOI markup for linking to publications as in <doi:prefix/suffix>.
Flavors: r-devel-linux-x86_64-debian-clang, r-devel-linux-x86_64-debian-gcc