Last updated on 2025-04-30 01:50:13 CEST.
Flavor | Version | Tinstall | Tcheck | Ttotal | Status | Flags |
---|---|---|---|---|---|---|
r-devel-linux-x86_64-debian-clang | 1.0.0 | 25.99 | 102.38 | 128.37 | NOTE | |
r-devel-linux-x86_64-debian-gcc | 1.0.0 | 19.09 | 71.90 | 90.99 | NOTE | |
r-devel-linux-x86_64-fedora-clang | 1.0.0 | 219.75 | NOTE | |||
r-devel-linux-x86_64-fedora-gcc | 1.0.0 | 234.23 | NOTE | |||
r-devel-windows-x86_64 | 1.0.0 | 33.00 | 142.00 | 175.00 | NOTE | |
r-patched-linux-x86_64 | 1.0.0 | 28.12 | 92.22 | 120.34 | NOTE | |
r-release-linux-x86_64 | 1.0.0 | 28.62 | 92.77 | 121.39 | NOTE | |
r-release-macos-arm64 | 1.0.0 | 75.00 | NOTE | |||
r-release-macos-x86_64 | 1.0.0 | 133.00 | NOTE | |||
r-release-windows-x86_64 | 1.0.0 | 32.00 | 136.00 | 168.00 | NOTE | |
r-oldrel-macos-arm64 | 1.0.0 | 70.00 | NOTE | |||
r-oldrel-macos-x86_64 | 1.0.0 | 102.00 | NOTE | |||
r-oldrel-windows-x86_64 | 1.0.0 | 36.00 | 152.00 | 188.00 | NOTE |
Version: 1.0.0
Check: C++ specification
Result: NOTE
Specified C++11: please drop specification unless essential
Flavors: r-devel-linux-x86_64-debian-clang, r-devel-linux-x86_64-debian-gcc, r-devel-linux-x86_64-fedora-clang, r-devel-linux-x86_64-fedora-gcc, r-devel-windows-x86_64, r-patched-linux-x86_64, r-release-linux-x86_64, r-release-macos-arm64, r-release-macos-x86_64, r-release-windows-x86_64, r-oldrel-macos-arm64, r-oldrel-macos-x86_64, r-oldrel-windows-x86_64
Version: 1.0.0
Check: LazyData
Result: NOTE
'LazyData' is specified without a 'data' directory
Flavors: r-oldrel-macos-arm64, r-oldrel-macos-x86_64, r-oldrel-windows-x86_64