Last updated on 2025-11-04 02:51:57 CET.
| Flavor | Version | Tinstall | Tcheck | Ttotal | Status | Flags | 
|---|---|---|---|---|---|---|
| r-devel-linux-x86_64-debian-clang | 0.3-3 | 3.61 | 55.01 | 58.62 | NOTE | |
| r-devel-linux-x86_64-debian-gcc | 0.3-3 | 2.63 | 42.12 | 44.75 | NOTE | |
| r-devel-linux-x86_64-fedora-clang | 0.3-3 | 86.67 | OK | |||
| r-devel-linux-x86_64-fedora-gcc | 0.3-3 | 97.11 | OK | |||
| r-devel-windows-x86_64 | 0.3-3 | 6.00 | 88.00 | 94.00 | OK | |
| r-patched-linux-x86_64 | 0.3-3 | 3.46 | 52.85 | 56.31 | OK | |
| r-release-linux-x86_64 | 0.3-3 | 2.48 | 52.49 | 54.97 | OK | |
| r-release-macos-arm64 | 0.3-3 | 2.00 | 35.00 | 37.00 | OK | |
| r-release-macos-x86_64 | 0.3-3 | 3.00 | 67.00 | 70.00 | OK | |
| r-release-windows-x86_64 | 0.3-3 | 6.00 | 86.00 | 92.00 | OK | |
| r-oldrel-macos-arm64 | 0.3-3 | 2.00 | 34.00 | 36.00 | OK | |
| r-oldrel-macos-x86_64 | 0.3-3 | 3.00 | 54.00 | 57.00 | OK | |
| r-oldrel-windows-x86_64 | 0.3-3 | 9.00 | 96.00 | 105.00 | OK | 
Version: 0.3-3
Check: CRAN incoming feasibility
Result: NOTE
  Maintainer: ‘Claudio Lupi <lupi@unimol.it>’
  
  No Authors@R field in DESCRIPTION.
  Please add one, modifying
    Authors@R: person(given = "Claudio",
                      family = "Lupi",
                      role = c("aut", "cre"),
                      email = "lupi@unimol.it")
  as necessary.
  
  Package CITATION file contains call(s) to old-style citEntry().  Please
  use bibentry() instead.
Flavors: r-devel-linux-x86_64-debian-clang, r-devel-linux-x86_64-debian-gcc