Last updated on 2022-07-06 01:50:19 CEST.
Flavor | Version | Tinstall | Tcheck | Ttotal | Status | Flags |
---|---|---|---|---|---|---|
r-devel-linux-x86_64-debian-clang | 3.0.8 | 17.76 | 123.20 | 140.96 | NOTE | |
r-devel-linux-x86_64-debian-gcc | 3.0.8 | 14.36 | 93.36 | 107.72 | NOTE | |
r-devel-linux-x86_64-fedora-clang | 3.0.8 | 176.32 | WARN | |||
r-devel-linux-x86_64-fedora-gcc | 3.0.8 | 175.38 | WARN | |||
r-devel-windows-x86_64 | 3.0.8 | 82.00 | 127.00 | 209.00 | NOTE | |
r-patched-linux-x86_64 | 3.0.8 | 18.14 | 132.67 | 150.81 | NOTE | |
r-release-linux-x86_64 | 3.0.8 | 19.46 | 132.29 | 151.75 | NOTE | |
r-release-macos-arm64 | 3.0.8 | 78.00 | NOTE | |||
r-release-macos-x86_64 | 3.0.8 | 154.00 | NOTE | |||
r-release-windows-x86_64 | 3.0.8 | 100.00 | 135.00 | 235.00 | NOTE | |
r-oldrel-macos-arm64 | 3.0.8 | 121.00 | NOTE | |||
r-oldrel-macos-x86_64 | 3.0.8 | 144.00 | NOTE | |||
r-oldrel-windows-ix86+x86_64 | 3.0.8 | 33.00 | 133.00 | 166.00 | NOTE |
Version: 3.0.8
Check: LazyData
Result: NOTE
'LazyData' is specified without a 'data' directory
Flavors: r-devel-linux-x86_64-debian-clang, r-devel-linux-x86_64-debian-gcc, r-devel-linux-x86_64-fedora-clang, r-devel-linux-x86_64-fedora-gcc, r-devel-windows-x86_64, r-patched-linux-x86_64, r-release-linux-x86_64, r-release-macos-arm64, r-release-macos-x86_64, r-release-windows-x86_64, r-oldrel-macos-arm64, r-oldrel-macos-x86_64, r-oldrel-windows-ix86+x86_64
Version: 3.0.8
Check: package dependencies
Result: WARN
Requires (indirectly) orphaned package: ‘gtools’
Flavors: r-devel-linux-x86_64-fedora-clang, r-devel-linux-x86_64-fedora-gcc