Last updated on 2024-05-02 01:56:54 CEST.
Flavor | Version | Tinstall | Tcheck | Ttotal | Status | Flags |
---|---|---|---|---|---|---|
r-devel-linux-x86_64-debian-clang | 0.1.1 | 206.17 | 168.26 | 374.43 | NOTE | |
r-devel-linux-x86_64-debian-gcc | 0.1.1 | 174.01 | 131.68 | 305.69 | NOTE | |
r-devel-linux-x86_64-fedora-clang | 0.1.1 | 449.42 | NOTE | |||
r-devel-linux-x86_64-fedora-gcc | 0.1.1 | 286.64 | NOTE | |||
r-devel-windows-x86_64 | 0.1.1 | 154.00 | 180.00 | 334.00 | NOTE | |
r-patched-linux-x86_64 | 0.1.1 | 148.16 | 169.33 | 317.49 | NOTE | |
r-release-linux-x86_64 | 0.1.1 | 199.20 | 174.71 | 373.91 | NOTE | |
r-release-macos-arm64 | 0.1.1 | 106.00 | NOTE | |||
r-release-windows-x86_64 | 0.1.1 | 153.00 | 150.00 | 303.00 | NOTE | |
r-oldrel-macos-arm64 | 0.1.1 | 99.00 | NOTE | |||
r-oldrel-macos-x86_64 | 0.1.1 | 171.00 | NOTE | |||
r-oldrel-windows-x86_64 | 0.1.1 | 199.00 | 185.00 | 384.00 | NOTE |
Version: 0.1.1
Check: for GNU extensions in Makefiles
Result: NOTE
GNU make is a SystemRequirements.
Flavors: r-devel-linux-x86_64-debian-clang, r-devel-linux-x86_64-debian-gcc, r-devel-linux-x86_64-fedora-clang, r-devel-linux-x86_64-fedora-gcc, r-devel-windows-x86_64, r-patched-linux-x86_64, r-release-linux-x86_64, r-release-macos-arm64, r-release-windows-x86_64, r-oldrel-macos-arm64, r-oldrel-macos-x86_64, r-oldrel-windows-x86_64
Version: 0.1.1
Check: dependencies in R code
Result: NOTE
Namespace in Imports field not imported from: ‘rstantools’
All declared Imports should be used.
Flavors: r-devel-linux-x86_64-fedora-clang, r-devel-linux-x86_64-fedora-gcc
Version: 0.1.1
Check: installed package size
Result: NOTE
installed size is 49.0Mb
sub-directories of 1Mb or more:
libs 48.8Mb
Flavors: r-release-macos-arm64, r-oldrel-macos-arm64, r-oldrel-macos-x86_64