Last updated on 2024-04-24 01:52:05 CEST.
Flavor | Version | Tinstall | Tcheck | Ttotal | Status | Flags |
---|---|---|---|---|---|---|
r-devel-linux-x86_64-debian-clang | 1.0.0 | 18.25 | 1532.78 | 1551.03 | OK | |
r-devel-linux-x86_64-debian-gcc | 1.0.0 | 15.31 | 1122.48 | 1137.79 | OK | |
r-devel-linux-x86_64-fedora-clang | 1.0.0 | 1826.10 | OK | |||
r-devel-linux-x86_64-fedora-gcc | 1.0.0 | 1851.30 | OK | |||
r-prerel-macos-arm64 | 496.00 | FAIL | ||||
r-prerel-macos-x86_64 | 1.0.0 | 1130.00 | OK | |||
r-prerel-windows-x86_64 | 1.0.0 | 15.00 | 1057.00 | 1072.00 | OK | |
r-patched-linux-x86_64 | 1.0.0 | 25.52 | 1487.60 | 1513.12 | OK | |
r-release-linux-x86_64 | 1.0.0 | 12.57 | 1499.18 | 1511.75 | OK | |
r-release-macos-arm64 | 1.0.0 | 579.00 | ERROR | |||
r-release-macos-x86_64 | 1.0.0 | 1119.00 | OK | |||
r-release-windows-x86_64 | 1.0.0 | 22.00 | 1369.00 | 1391.00 | OK | |
r-oldrel-macos-arm64 | 1.0.0 | 487.00 | ERROR | |||
r-oldrel-windows-x86_64 | 1.0.0 | 22.00 | 1468.00 | 1490.00 | OK |
Version: 1.0.0
Check: tests
Result: ERROR
Running ‘testthat.R’ [227s/271s]
Running the tests in ‘tests/testthat.R’ failed.
Last 13 lines of output:
`expected`: 0.9530
── Failure ('test-global_validation.R:20:3'): global_validation works with caret regression ──
global_validation(model) (`actual`) not equal to c(RMSE = 0.330787, Rsquared = 0.8400544, MAE = 0.2621827) (`expected`).
`actual`: 0.332 0.838 0.258
`expected`: 0.331 0.840 0.262
── Failure ('test-global_validation.R:48:3'): global_validation works with CreateSpacetimeFolds ──
global_validation(model)[1:2] (`actual`) not equal to c(Accuracy = 0.96, Kappa = 0.94) (`expected`).
`actual`: 0.953 0.930
`expected`: 0.960 0.940
[ FAIL 6 | WARN 0 | SKIP 0 | PASS 128 ]
Error: Test failures
Execution halted
Flavor: r-prerel-macos-arm64
Version: 1.0.0
Check: re-building of vignette outputs
Result: FAIL
Flavor: r-prerel-macos-arm64
Version: 1.0.0
Check: tests
Result: ERROR
Running ‘testthat.R’ [236s/289s]
Running the tests in ‘tests/testthat.R’ failed.
Last 13 lines of output:
`expected`: 0.9530
── Failure ('test-global_validation.R:20:3'): global_validation works with caret regression ──
global_validation(model) (`actual`) not equal to c(RMSE = 0.330787, Rsquared = 0.8400544, MAE = 0.2621827) (`expected`).
`actual`: 0.332 0.838 0.258
`expected`: 0.331 0.840 0.262
── Failure ('test-global_validation.R:48:3'): global_validation works with CreateSpacetimeFolds ──
global_validation(model)[1:2] (`actual`) not equal to c(Accuracy = 0.96, Kappa = 0.94) (`expected`).
`actual`: 0.953 0.930
`expected`: 0.960 0.940
[ FAIL 6 | WARN 0 | SKIP 0 | PASS 128 ]
Error: Test failures
Execution halted
Flavor: r-release-macos-arm64
Version: 1.0.0
Check: tests
Result: ERROR
Running ‘testthat.R’ [224s/251s]
Running the tests in ‘tests/testthat.R’ failed.
Last 13 lines of output:
`expected`: 0.9530
── Failure ('test-global_validation.R:20:3'): global_validation works with caret regression ──
global_validation(model) (`actual`) not equal to c(RMSE = 0.330787, Rsquared = 0.8400544, MAE = 0.2621827) (`expected`).
`actual`: 0.332 0.838 0.258
`expected`: 0.331 0.840 0.262
── Failure ('test-global_validation.R:48:3'): global_validation works with CreateSpacetimeFolds ──
global_validation(model)[1:2] (`actual`) not equal to c(Accuracy = 0.96, Kappa = 0.94) (`expected`).
`actual`: 0.953 0.930
`expected`: 0.960 0.940
[ FAIL 6 | WARN 0 | SKIP 0 | PASS 128 ]
Error: Test failures
Execution halted
Flavor: r-oldrel-macos-arm64