Last updated on 2025-10-31 01:48:53 CET.
| Flavor | Version | Tinstall | Tcheck | Ttotal | Status | Flags | 
|---|---|---|---|---|---|---|
| r-devel-linux-x86_64-debian-clang | 0.1.6 | 6.09 | 49.50 | 55.59 | NOTE | |
| r-devel-linux-x86_64-debian-gcc | 0.1.6 | 3.97 | 36.79 | 40.76 | NOTE | |
| r-devel-linux-x86_64-fedora-clang | 0.1.6 | 14.00 | 69.85 | 83.85 | OK | |
| r-devel-linux-x86_64-fedora-gcc | 0.1.6 | 13.00 | 65.30 | 78.30 | OK | |
| r-devel-windows-x86_64 | 0.1.6 | 8.00 | 62.00 | 70.00 | OK | |
| r-patched-linux-x86_64 | 0.1.6 | 5.84 | 44.45 | 50.29 | OK | |
| r-release-linux-x86_64 | 0.1.6 | 5.95 | 45.10 | 51.05 | OK | |
| r-release-macos-arm64 | 0.1.6 | 3.00 | 26.00 | 29.00 | OK | |
| r-release-macos-x86_64 | 0.1.6 | 5.00 | 44.00 | 49.00 | OK | |
| r-release-windows-x86_64 | 0.1.6 | 11.00 | 63.00 | 74.00 | OK | |
| r-oldrel-macos-arm64 | 0.1.6 | 3.00 | 23.00 | 26.00 | OK | |
| r-oldrel-macos-x86_64 | 0.1.6 | 9.00 | 57.00 | 66.00 | OK | |
| r-oldrel-windows-x86_64 | 0.1.6 | 10.00 | 77.00 | 87.00 | OK | 
Version: 0.1.6
Check: CRAN incoming feasibility
Result: NOTE
  Maintainer: ‘Yonghui Dong <yonghui.dong@gmail.com>’
  
  No Authors@R field in DESCRIPTION.
  Please add one, modifying
    Authors@R: person(given = "Yonghui",
                      family = "Dong",
                      role = c("aut", "cre"),
                      email = "yonghui.dong@gmail.com")
  as necessary.
Flavors: r-devel-linux-x86_64-debian-clang, r-devel-linux-x86_64-debian-gcc