Last updated on 2024-04-19 01:58:37 CEST.
Flavor | Version | Tinstall | Tcheck | Ttotal | Status | Flags |
---|---|---|---|---|---|---|
r-devel-linux-x86_64-debian-clang | 1.3.1 | 13.51 | 325.40 | 338.91 | NOTE | |
r-devel-linux-x86_64-debian-gcc | 1.3.1 | 9.28 | 234.55 | 243.83 | NOTE | |
r-devel-linux-x86_64-fedora-clang | 1.3.1 | 414.08 | NOTE | |||
r-devel-linux-x86_64-fedora-gcc | 1.3.1 | 405.65 | NOTE | |||
r-prerel-macos-arm64 | 1.3.1 | 121.00 | NOTE | |||
r-prerel-macos-x86_64 | 1.3.1 | 367.00 | NOTE | |||
r-prerel-windows-x86_64 | 1.3.1 | 12.00 | 238.00 | 250.00 | NOTE | |
r-patched-linux-x86_64 | 1.3.1 | 7.82 | 308.52 | 316.34 | NOTE | |
r-release-linux-x86_64 | 1.3.1 | 7.09 | 308.01 | 315.10 | NOTE | |
r-release-macos-arm64 | 1.3.1 | 143.00 | NOTE | |||
r-release-macos-x86_64 | 1.3.1 | 320.00 | NOTE | |||
r-release-windows-x86_64 | 1.3.1 | 14.00 | 295.00 | 309.00 | NOTE | |
r-oldrel-macos-arm64 | 1.3.1 | 138.00 | NOTE | |||
r-oldrel-windows-x86_64 | 1.3.1 | 15.00 | 290.00 | 305.00 | NOTE |
Version: 1.3.1
Check: package dependencies
Result: NOTE
Packages which this enhances but not available for checking:
'CirceR', 'Capr'
Flavors: r-devel-linux-x86_64-debian-clang, r-devel-linux-x86_64-debian-gcc, r-devel-linux-x86_64-fedora-gcc, r-prerel-macos-arm64, r-prerel-macos-x86_64, r-prerel-windows-x86_64, r-patched-linux-x86_64, r-release-linux-x86_64, r-release-macos-arm64, r-release-macos-x86_64, r-release-windows-x86_64, r-oldrel-macos-arm64, r-oldrel-windows-x86_64
Version: 1.3.1
Check: package dependencies
Result: NOTE
Package which this enhances but not available for checking: ‘Capr’
Flavor: r-devel-linux-x86_64-fedora-clang