Last updated on 2024-04-24 01:52:05 CEST.
Flavor | Version | Tinstall | Tcheck | Ttotal | Status | Flags |
---|---|---|---|---|---|---|
r-devel-linux-x86_64-debian-clang | 2.1.3 | 265.73 | 89.20 | 354.93 | OK | |
r-devel-linux-x86_64-debian-gcc | 2.1.3 | 241.68 | 70.71 | 312.39 | OK | |
r-devel-linux-x86_64-fedora-clang | 2.1.3 | 476.54 | OK | |||
r-devel-linux-x86_64-fedora-gcc | 2.1.3 | 615.44 | OK | |||
r-prerel-macos-arm64 | 2.1.3 | 109.00 | NOTE | |||
r-prerel-macos-x86_64 | 2.1.3 | 149.00 | NOTE | |||
r-prerel-windows-x86_64 | 2.1.3 | 213.00 | 122.00 | 335.00 | OK | |
r-patched-linux-x86_64 | 2.1.3 | 295.35 | 88.89 | 384.24 | OK | |
r-release-linux-x86_64 | 2.1.3 | 250.52 | 95.78 | 346.30 | OK | |
r-release-macos-arm64 | 2.1.3 | 114.00 | NOTE | |||
r-release-macos-x86_64 | 2.1.3 | 125.00 | NOTE | |||
r-release-windows-x86_64 | 2.1.3 | 261.00 | 137.00 | 398.00 | OK | |
r-oldrel-macos-arm64 | 2.1.3 | 112.00 | NOTE | |||
r-oldrel-windows-x86_64 | 2.1.3 | 261.00 | 129.00 | 390.00 | OK |
Version: 2.1.3
Check: installed package size
Result: NOTE
installed size is 22.9Mb
sub-directories of 1Mb or more:
libs 22.7Mb
Flavors: r-prerel-macos-arm64, r-prerel-macos-x86_64, r-release-macos-arm64, r-release-macos-x86_64, r-oldrel-macos-arm64