CRAN Package Check Results for Package CDatanet

Last updated on 2022-09-26 01:52:42 CEST.

Flavor Version Tinstall Tcheck Ttotal Status Flags
r-devel-linux-x86_64-debian-clang 1.0.1 139.43 81.82 221.25 OK
r-devel-linux-x86_64-debian-gcc 1.0.1 124.96 63.19 188.15 OK
r-devel-linux-x86_64-fedora-clang 1.0.1 307.44 NOTE
r-devel-linux-x86_64-fedora-gcc 1.0.1 300.72 NOTE
r-devel-windows-x86_64 1.0.1 208.00 128.00 336.00 OK
r-patched-linux-x86_64 1.0.1 84.71 76.12 160.83 OK
r-release-linux-x86_64 1.0.1 88.86 77.57 166.43 OK
r-release-macos-arm64 1.0.1 74.00 NOTE
r-release-macos-x86_64 1.0.1 117.00 NOTE
r-release-windows-x86_64 1.0.1 249.00 125.00 374.00 OK
r-oldrel-macos-arm64 1.0.1 84.00 NOTE
r-oldrel-macos-x86_64 1.0.1 91.00 NOTE
r-oldrel-windows-ix86+x86_64 1.0.1 43.00 17.00 60.00 ERROR

Check Details

Version: 1.0.1
Check: dependencies in R code
Result: NOTE
    Namespace in Imports field not imported from: ‘formula.tools’
     All declared Imports should be used.
Flavors: r-devel-linux-x86_64-fedora-clang, r-devel-linux-x86_64-fedora-gcc, r-release-macos-arm64, r-release-macos-x86_64, r-oldrel-macos-arm64, r-oldrel-macos-x86_64

Version: 1.0.1
Check: installed package size
Result: NOTE
     installed size is 10.5Mb
     sub-directories of 1Mb or more:
     libs 10.3Mb
Flavors: r-release-macos-arm64, r-release-macos-x86_64, r-oldrel-macos-arm64, r-oldrel-macos-x86_64

Version: 1.0.1
Check: whether package can be installed
Result: ERROR
    Installation failed.
Flavor: r-oldrel-windows-ix86+x86_64