Last updated on 2025-02-05 02:48:45 CET.
Flavor | Version | Tinstall | Tcheck | Ttotal | Status | Flags |
---|---|---|---|---|---|---|
r-devel-linux-x86_64-debian-clang | 2022.1.1 | 5.18 | 43.22 | 48.40 | NOTE | |
r-devel-linux-x86_64-debian-gcc | 2022.1.1 | 4.46 | 32.87 | 37.33 | NOTE | |
r-devel-linux-x86_64-fedora-clang | 2022.1.1 | 79.16 | OK | |||
r-devel-linux-x86_64-fedora-gcc | 2022.1.1 | 73.84 | OK | |||
r-devel-windows-x86_64 | 2022.1.1 | 8.00 | 69.00 | 77.00 | NOTE | |
r-patched-linux-x86_64 | 2022.1.1 | 9.95 | 40.75 | 50.70 | OK | |
r-release-linux-x86_64 | 2022.1.1 | 5.51 | 40.45 | 45.96 | OK | |
r-release-macos-arm64 | 2022.1.1 | 27.00 | OK | |||
r-release-macos-x86_64 | 2022.1.1 | 44.00 | OK | |||
r-release-windows-x86_64 | 2022.1.1 | 8.00 | 67.00 | 75.00 | OK | |
r-oldrel-macos-arm64 | 2022.1.1 | 25.00 | OK | |||
r-oldrel-macos-x86_64 | 2022.1.1 | 36.00 | OK | |||
r-oldrel-windows-x86_64 | 2022.1.1 | 9.00 | 73.00 | 82.00 | OK |
Version: 2022.1.1
Check: Rd cross-references
Result: NOTE
Found the following Rd file(s) with Rd \link{} targets missing package
anchors:
dbExecQuery.Rd: dbSendQuery, dbClearResult, dbGetQuery
lbsClear.Rd: dbCommit, dbRollback
lbsDeleteAllAuthorsDocuments.Rd: dbCommit, dbRollback
lbsTidy.Rd: dbCommit, dbRollback
Please provide package anchors for all Rd \link{} targets not in the
package itself and the base packages.
Flavors: r-devel-linux-x86_64-debian-clang, r-devel-linux-x86_64-debian-gcc, r-devel-windows-x86_64