CRAN Package Check Results for Package CJAMP

Last updated on 2025-11-12 02:52:52 CET.

Flavor Version Tinstall Tcheck Ttotal Status Flags
r-devel-linux-x86_64-debian-clang 0.1.1 3.50 111.46 114.96 NOTE
r-devel-linux-x86_64-debian-gcc 0.1.1 2.22 68.70 70.92 NOTE
r-devel-linux-x86_64-fedora-clang 0.1.1 184.51 OK
r-devel-linux-x86_64-fedora-gcc 0.1.1 195.65 OK
r-devel-windows-x86_64 0.1.1 4.00 135.00 139.00 OK
r-patched-linux-x86_64 0.1.1 3.59 106.39 109.98 OK
r-release-linux-x86_64 0.1.1 3.18 106.83 110.01 OK
r-release-macos-arm64 0.1.1 1.00 54.00 55.00 OK
r-release-macos-x86_64 0.1.1 3.00 125.00 128.00 OK
r-release-windows-x86_64 0.1.1 6.00 134.00 140.00 OK
r-oldrel-macos-arm64 0.1.1 2.00 55.00 57.00 NOTE
r-oldrel-macos-x86_64 0.1.1 2.00 84.00 86.00 NOTE
r-oldrel-windows-x86_64 0.1.1 5.00 151.00 156.00 NOTE

Check Details

Version: 0.1.1
Check: CRAN incoming feasibility
Result: NOTE Maintainer: ‘Stefan Konigorski <stefan.konigorski@gmail.com>’ Package CITATION file contains call(s) to old-style citEntry(). Please use bibentry() instead. Flavors: r-devel-linux-x86_64-debian-clang, r-devel-linux-x86_64-debian-gcc

Version: 0.1.1
Check: LazyData
Result: NOTE 'LazyData' is specified without a 'data' directory Flavors: r-oldrel-macos-arm64, r-oldrel-macos-x86_64, r-oldrel-windows-x86_64