Last updated on 2021-01-25 01:46:47 CET.
Flavor | Version | Tinstall | Tcheck | Ttotal | Status | Flags |
---|---|---|---|---|---|---|
r-devel-linux-x86_64-debian-clang | 0.1.0 | 2.20 | 20.10 | 22.30 | OK | |
r-devel-linux-x86_64-debian-gcc | 0.1.0 | 1.75 | 15.92 | 17.67 | OK | |
r-devel-linux-x86_64-fedora-clang | 0.1.0 | 35.65 | NOTE | |||
r-devel-linux-x86_64-fedora-gcc | 0.1.0 | 27.56 | NOTE | |||
r-devel-windows-ix86+x86_64 | 0.1.0 | 6.00 | 33.00 | 39.00 | OK | |
r-patched-linux-x86_64 | 0.1.0 | 2.03 | 19.38 | 21.41 | OK | |
r-patched-solaris-x86 | 0.1.0 | 39.80 | NOTE | |||
r-release-linux-x86_64 | 0.1.0 | 2.18 | 19.36 | 21.54 | OK | |
r-release-macos-x86_64 | 0.1.0 | NOTE | ||||
r-release-windows-ix86+x86_64 | 0.1.0 | 7.00 | 36.00 | 43.00 | OK | |
r-oldrel-macos-x86_64 | 0.1.0 | NOTE | ||||
r-oldrel-windows-ix86+x86_64 | 0.1.0 | 3.00 | 29.00 | 32.00 | OK |
Version: 0.1.0
Check: dependencies in R code
Result: NOTE
Namespaces in Imports field not imported from:
‘MASS’ ‘cluster’ ‘datasets’ ‘dplyr’ ‘klaR’ ‘psycho’ ‘shiny’
All declared Imports should be used.
Flavors: r-devel-linux-x86_64-fedora-clang, r-devel-linux-x86_64-fedora-gcc, r-patched-solaris-x86, r-release-macos-x86_64, r-oldrel-macos-x86_64