Last updated on 2024-08-16 01:48:15 CEST.
Flavor | Version | Tinstall | Tcheck | Ttotal | Status | Flags |
---|---|---|---|---|---|---|
r-devel-linux-x86_64-debian-clang | 1.0.3 | 6.43 | 22.46 | 28.89 | NOTE | |
r-devel-linux-x86_64-debian-gcc | 1.0.3 | 4.96 | 16.50 | 21.46 | NOTE | |
r-devel-linux-x86_64-fedora-clang | 1.0.3 | 50.52 | NOTE | |||
r-devel-linux-x86_64-fedora-gcc | 1.0.3 | 46.21 | NOTE | |||
r-devel-windows-x86_64 | 1.0.3 | 10.00 | 47.00 | 57.00 | NOTE | |
r-patched-linux-x86_64 | 1.0.3 | 6.96 | 20.66 | 27.62 | OK | |
r-release-linux-x86_64 | 1.0.3 | 6.22 | 20.40 | 26.62 | OK | |
r-release-macos-arm64 | 1.0.3 | 17.00 | OK | |||
r-release-macos-x86_64 | 1.0.3 | 37.00 | OK | |||
r-release-windows-x86_64 | 1.0.3 | 9.00 | 47.00 | 56.00 | OK | |
r-oldrel-macos-arm64 | 1.0.3 | 17.00 | OK | |||
r-oldrel-macos-x86_64 | 1.0.3 | 26.00 | OK | |||
r-oldrel-windows-x86_64 | 1.0.3 | 12.00 | 50.00 | 62.00 | OK |
Version: 1.0.3
Check: compiled code
Result: NOTE
File ‘CMF/libs/CMF.so’:
Found non-API calls to R: ‘SETLENGTH’, ‘SET_GROWABLE_BIT’,
‘SET_TRUELENGTH’
Compiled code should not call non-API entry points in R.
See ‘Writing portable packages’ in the ‘Writing R Extensions’ manual,
and section ‘Moving into C API compliance’ for issues with the use of
non-API entry points.
Flavors: r-devel-linux-x86_64-debian-clang, r-devel-linux-x86_64-debian-gcc, r-devel-linux-x86_64-fedora-clang, r-devel-linux-x86_64-fedora-gcc
Version: 1.0.3
Check: compiled code
Result: NOTE
File 'CMF/libs/x64/CMF.dll':
Found non-API calls to R: 'SETLENGTH', 'SET_GROWABLE_BIT',
'SET_TRUELENGTH'
Compiled code should not call non-API entry points in R.
See 'Writing portable packages' in the 'Writing R Extensions' manual,
and section 'Moving into C API compliance' for issues with the use of
non-API entry points.
Flavor: r-devel-windows-x86_64