Last updated on 2022-06-30 01:49:05 CEST.
Flavor | Version | Tinstall | Tcheck | Ttotal | Status | Flags |
---|---|---|---|---|---|---|
r-devel-linux-x86_64-debian-clang | 1.0.2 | 2.54 | 27.88 | 30.42 | OK | |
r-devel-linux-x86_64-debian-gcc | 1.0.2 | 2.06 | 21.58 | 23.64 | OK | |
r-devel-linux-x86_64-fedora-clang | 1.0.2 | 48.15 | OK | |||
r-devel-linux-x86_64-fedora-gcc | 1.0.2 | 45.91 | OK | |||
r-devel-windows-x86_64 | 1.0.2 | 14.00 | 52.00 | 66.00 | OK | |
r-patched-linux-x86_64 | 1.0.2 | 2.27 | 27.35 | 29.62 | OK | |
r-release-linux-x86_64 | 1.0.2 | 2.37 | 27.58 | 29.95 | OK | |
r-release-macos-arm64 | 1.0.2 | 15.00 | NOTE | |||
r-release-macos-x86_64 | 1.0.2 | 24.00 | OK | |||
r-release-windows-x86_64 | 1.0.2 | 5.00 | 51.00 | 56.00 | OK | |
r-oldrel-macos-arm64 | 1.0.2 | 23.00 | OK | |||
r-oldrel-macos-x86_64 | 1.0.2 | 30.00 | OK | |||
r-oldrel-windows-ix86+x86_64 | 1.0.2 | 7.00 | 42.00 | 49.00 | OK |
Version: 1.0.2
Check: package dependencies
Result: NOTE
Package suggested but not available for checking: ‘limma’
Flavor: r-release-macos-arm64