Last updated on 2023-03-30 01:49:20 CEST.
Flavor | Version | Tinstall | Tcheck | Ttotal | Status | Flags |
---|---|---|---|---|---|---|
r-devel-linux-x86_64-debian-clang | 1.1.2 | 13.58 | 333.15 | 346.73 | OK | |
r-devel-linux-x86_64-debian-gcc | 1.1.2 | 10.84 | 242.12 | 252.96 | OK | |
r-devel-linux-x86_64-fedora-clang | 1.1.2 | 415.03 | OK | |||
r-devel-linux-x86_64-fedora-gcc | 1.1.2 | 430.65 | OK | |||
r-devel-windows-x86_64 | 1.1.2 | 112.00 | 417.00 | 529.00 | OK | |
r-patched-linux-x86_64 | 1.1.2 | 18.36 | 311.84 | 330.20 | OK | |
r-release-linux-x86_64 | 1.1.2 | 15.38 | 302.09 | 317.47 | OK | |
r-release-macos-arm64 | 1.1.2 | 99.00 | OK | |||
r-release-macos-x86_64 | 1.1.2 | 140.00 | OK | |||
r-release-windows-x86_64 | 1.1.2 | 99.00 | 378.00 | 477.00 | OK | |
r-oldrel-macos-arm64 | 1.1.2 | 114.00 | OK | |||
r-oldrel-macos-x86_64 | 1.1.2 | 164.00 | OK | |||
r-oldrel-windows-ix86+x86_64 | 1.1.2 | 28.00 | 375.00 | 403.00 | WARN |
Version: 1.1.2
Check: for unstated dependencies in ‘tests’
Result: WARN
Warning: unable to access index for repository https://bioconductor.org/packages/3.14/bioc/src/contrib:
cannot open URL 'https://bioconductor.org/packages/3.14/bioc/src/contrib/PACKAGES'
Warning: unable to access index for repository https://bioconductor.org/packages/3.14/data/annotation/src/contrib:
cannot open URL 'https://bioconductor.org/packages/3.14/data/annotation/src/contrib/PACKAGES'
Warning: unable to access index for repository https://bioconductor.org/packages/3.14/data/experiment/src/contrib:
cannot open URL 'https://bioconductor.org/packages/3.14/data/experiment/src/contrib/PACKAGES'
Flavor: r-oldrel-windows-ix86+x86_64