Last updated on 2025-10-31 01:48:54 CET.
| Flavor | Version | Tinstall | Tcheck | Ttotal | Status | Flags | 
|---|---|---|---|---|---|---|
| r-devel-linux-x86_64-debian-clang | 0.1.0 | 8.03 | 70.55 | 78.58 | NOTE | |
| r-devel-linux-x86_64-debian-gcc | 0.1.0 | 6.11 | 52.25 | 58.36 | NOTE | |
| r-devel-linux-x86_64-fedora-clang | 0.1.0 | 18.00 | 105.06 | 123.06 | OK | |
| r-devel-linux-x86_64-fedora-gcc | 0.1.0 | 21.00 | 96.27 | 117.27 | OK | |
| r-devel-windows-x86_64 | 0.1.0 | 9.00 | 79.00 | 88.00 | OK | |
| r-patched-linux-x86_64 | 0.1.0 | 9.08 | 67.71 | 76.79 | OK | |
| r-release-linux-x86_64 | 0.1.0 | 8.57 | 68.38 | 76.95 | OK | |
| r-release-macos-arm64 | 0.1.0 | 4.00 | 36.00 | 40.00 | OK | |
| r-release-macos-x86_64 | 0.1.0 | 8.00 | 60.00 | 68.00 | OK | |
| r-release-windows-x86_64 | 0.1.0 | 10.00 | 79.00 | 89.00 | OK | |
| r-oldrel-macos-arm64 | 0.1.0 | 4.00 | 32.00 | 36.00 | OK | |
| r-oldrel-macos-x86_64 | 0.1.0 | 6.00 | 50.00 | 56.00 | OK | |
| r-oldrel-windows-x86_64 | 0.1.0 | 13.00 | 97.00 | 110.00 | OK | 
Version: 0.1.0
Check: CRAN incoming feasibility
Result: NOTE
  Maintainer: ‘Yanlin Tang <yanlintang2018@163.com>’
  
  No Authors@R field in DESCRIPTION.
  Please add one, modifying
    Authors@R: c(person(given = "Yanlin",
                        family = "Tang",
                        role = c("aut", "cre"),
                        email = "yanlintang2018@163.com"),
                 person(given = c("Huixia", "Judy"),
                        family = "Wang",
                        role = "aut"))
  as necessary.
Flavors: r-devel-linux-x86_64-debian-clang, r-devel-linux-x86_64-debian-gcc