Last updated on 2024-04-24 01:52:07 CEST.
Flavor | Version | Tinstall | Tcheck | Ttotal | Status | Flags |
---|---|---|---|---|---|---|
r-devel-linux-x86_64-debian-clang | 0.1.0 | 45.66 | 98.76 | 144.42 | OK | |
r-devel-linux-x86_64-debian-gcc | 0.1.0 | 33.16 | 61.10 | 94.26 | OK | |
r-devel-linux-x86_64-fedora-clang | 0.1.0 | 185.55 | NOTE | |||
r-devel-linux-x86_64-fedora-gcc | 0.1.0 | 165.31 | NOTE | |||
r-prerel-macos-arm64 | 0.1.0 | 49.00 | OK | |||
r-prerel-windows-x86_64 | 0.1.0 | 34.00 | 120.00 | 154.00 | OK | |
r-patched-linux-x86_64 | 0.1.0 | 48.69 | 79.89 | 128.58 | OK | |
r-release-linux-x86_64 | 0.1.0 | 39.83 | 81.12 | 120.95 | OK | |
r-release-macos-arm64 | 0.1.0 | 60.00 | OK | |||
r-release-macos-x86_64 | 0.1.0 | 90.00 | OK | |||
r-release-windows-x86_64 | 0.1.0 | 42.00 | 129.00 | 171.00 | OK | |
r-oldrel-macos-arm64 | 0.1.0 | 49.00 | NOTE | |||
r-oldrel-windows-x86_64 | 0.1.0 | 39.00 | 118.00 | 157.00 | OK |
Version: 0.1.0
Check: dependencies in R code
Result: NOTE
Namespaces in Imports field not imported from:
‘Rdpack’ ‘grDevices’
All declared Imports should be used.
Flavors: r-devel-linux-x86_64-fedora-clang, r-devel-linux-x86_64-fedora-gcc, r-oldrel-macos-arm64