Last updated on 2024-05-05 01:55:14 CEST.
Flavor | Version | Tinstall | Tcheck | Ttotal | Status | Flags |
---|---|---|---|---|---|---|
r-devel-linux-x86_64-debian-clang | 1.1.1 | 164.66 | 38.24 | 202.90 | OK | |
r-devel-linux-x86_64-debian-gcc | 1.1.1 | 115.58 | 29.19 | 144.77 | OK | |
r-devel-linux-x86_64-fedora-clang | 1.1.1 | 289.00 | OK | |||
r-devel-linux-x86_64-fedora-gcc | 1.1.1 | 285.32 | OK | |||
r-devel-windows-x86_64 | 1.1.1 | 124.00 | 80.00 | 204.00 | NOTE | |
r-patched-linux-x86_64 | 1.1.1 | 146.13 | 37.43 | 183.56 | OK | |
r-release-linux-x86_64 | 1.1.1 | 141.07 | 36.81 | 177.88 | OK | |
r-release-macos-arm64 | 1.1.1 | 58.00 | NOTE | |||
r-release-windows-x86_64 | 1.1.1 | 117.00 | 71.00 | 188.00 | NOTE | |
r-oldrel-macos-arm64 | 1.1.1 | 66.00 | NOTE | |||
r-oldrel-macos-x86_64 | 1.1.1 | 122.00 | NOTE | |||
r-oldrel-windows-x86_64 | 1.1.1 | 143.00 | 80.00 | 223.00 | NOTE |
Version: 1.1.1
Check: C++ specification
Result: NOTE
Specified C++11: please drop specification unless essential
Flavors: r-devel-windows-x86_64, r-release-windows-x86_64, r-oldrel-windows-x86_64
Version: 1.1.1
Check: installed package size
Result: NOTE
installed size is 5.2Mb
sub-directories of 1Mb or more:
libs 5.0Mb
Flavors: r-release-macos-arm64, r-oldrel-macos-arm64, r-oldrel-macos-x86_64