Last updated on 2024-04-23 01:56:56 CEST.
Flavor | Version | Tinstall | Tcheck | Ttotal | Status | Flags |
---|---|---|---|---|---|---|
r-devel-linux-x86_64-debian-clang | 0.3.0 | 15.33 | 374.03 | 389.36 | OK | |
r-devel-linux-x86_64-debian-gcc | 0.3.0 | 15.89 | 304.42 | 320.31 | OK | |
r-devel-linux-x86_64-fedora-clang | 0.3.0 | 226.62 | NOTE | |||
r-devel-linux-x86_64-fedora-gcc | 0.3.0 | 210.82 | NOTE | |||
r-prerel-macos-arm64 | 0.3.0 | 171.00 | OK | |||
r-prerel-macos-x86_64 | 0.3.0 | 315.00 | OK | |||
r-prerel-windows-x86_64 | 0.3.0 | 17.00 | 314.00 | 331.00 | OK | |
r-patched-linux-x86_64 | 0.3.0 | 14.02 | 385.33 | 399.35 | OK | |
r-release-linux-x86_64 | 0.3.0 | 15.72 | 388.93 | 404.65 | OK | |
r-release-macos-arm64 | 0.3.0 | 115.00 | NOTE | |||
r-release-macos-x86_64 | 0.3.0 | 229.00 | NOTE | |||
r-release-windows-x86_64 | 0.3.0 | 21.00 | 378.00 | 399.00 | OK | |
r-oldrel-macos-arm64 | 0.3.0 | 133.00 | OK | |||
r-oldrel-windows-x86_64 | 0.3.0 | 21.00 | 360.00 | 381.00 | OK |
Version: 0.3.0
Check: package dependencies
Result: NOTE
Packages suggested but not available for checking: 'conos', 'pagoda2'
Flavors: r-devel-linux-x86_64-fedora-clang, r-devel-linux-x86_64-fedora-gcc
Version: 0.3.0
Check: package dependencies
Result: NOTE
Package suggested but not available for checking: ‘rhdf5’
Flavors: r-release-macos-arm64, r-release-macos-x86_64