CRAN Package Check Results for Package CSMES

Last updated on 2025-11-24 01:48:34 CET.

Flavor Version Tinstall Tcheck Ttotal Status Flags
r-devel-linux-x86_64-debian-clang 1.0.1 3.61 36.18 39.79 NOTE
r-devel-linux-x86_64-debian-gcc 1.0.1 2.23 26.93 29.16 NOTE
r-devel-linux-x86_64-fedora-clang 1.0.1 11.00 48.96 59.96 OK
r-devel-windows-x86_64 1.0.1 6.00 51.00 57.00 OK
r-patched-linux-x86_64 1.0.1 3.16 33.85 37.01 OK
r-release-linux-x86_64 1.0.1 3.86 33.12 36.98 OK
r-release-macos-arm64 1.0.1 OK
r-release-macos-x86_64 1.0.1 4.00 32.00 36.00 OK
r-release-windows-x86_64 1.0.1 5.00 61.00 66.00 OK
r-oldrel-macos-arm64 1.0.1 OK
r-oldrel-macos-x86_64 1.0.1 3.00 29.00 32.00 OK
r-oldrel-windows-x86_64 1.0.1 6.00 60.00 66.00 OK

Check Details

Version: 1.0.1
Check: CRAN incoming feasibility
Result: NOTE Maintainer: ‘Koen W. De Bock <kdebock@audencia.com>’ No Authors@R field in DESCRIPTION. Please add one, modifying Authors@R: c(person(given = c("Koen", "W."), family = "De Bock", role = c("aut", "cre"), email = "kdebock@audencia.com"), person(given = "Kristof", family = "Coussement", role = "aut"), person(given = "Stefan", family = "Lessmann", role = "aut")) as necessary. Flavors: r-devel-linux-x86_64-debian-clang, r-devel-linux-x86_64-debian-gcc