Last updated on 2025-10-31 01:48:54 CET.
| Flavor | Version | Tinstall | Tcheck | Ttotal | Status | Flags | 
|---|---|---|---|---|---|---|
| r-devel-linux-x86_64-debian-clang | 1.0.1 | 3.73 | 35.42 | 39.15 | NOTE | |
| r-devel-linux-x86_64-debian-gcc | 1.0.1 | 2.54 | 26.27 | 28.81 | NOTE | |
| r-devel-linux-x86_64-fedora-clang | 1.0.1 | 60.00 | OK | |||
| r-devel-linux-x86_64-fedora-gcc | 1.0.1 | 55.05 | OK | |||
| r-devel-windows-x86_64 | 1.0.1 | 5.00 | 52.00 | 57.00 | OK | |
| r-patched-linux-x86_64 | 1.0.1 | 3.58 | 33.04 | 36.62 | OK | |
| r-release-linux-x86_64 | 1.0.1 | 3.29 | 33.31 | 36.60 | OK | |
| r-release-macos-arm64 | 1.0.1 | 2.00 | 20.00 | 22.00 | OK | |
| r-release-macos-x86_64 | 1.0.1 | 4.00 | 32.00 | 36.00 | OK | |
| r-release-windows-x86_64 | 1.0.1 | 5.00 | 53.00 | 58.00 | OK | |
| r-oldrel-macos-arm64 | 1.0.1 | 2.00 | 20.00 | 22.00 | OK | |
| r-oldrel-macos-x86_64 | 1.0.1 | 3.00 | 29.00 | 32.00 | OK | |
| r-oldrel-windows-x86_64 | 1.0.1 | 6.00 | 59.00 | 65.00 | OK | 
Version: 1.0.1
Check: CRAN incoming feasibility
Result: NOTE
  Maintainer: ‘Koen W. De Bock <kdebock@audencia.com>’
  
  No Authors@R field in DESCRIPTION.
  Please add one, modifying
    Authors@R: c(person(given = c("Koen", "W."),
                        family = "De Bock",
                        role = c("aut", "cre"),
                        email = "kdebock@audencia.com"),
                 person(given = "Kristof",
                        family = "Coussement",
                        role = "aut"),
                 person(given = "Stefan",
                        family = "Lessmann",
                        role = "aut"))
  as necessary.
Flavors: r-devel-linux-x86_64-debian-clang, r-devel-linux-x86_64-debian-gcc