Last updated on 2025-02-05 02:48:46 CET.
Flavor | Version | Tinstall | Tcheck | Ttotal | Status | Flags |
---|---|---|---|---|---|---|
r-devel-linux-x86_64-debian-clang | 1.3 | 5.02 | 63.88 | 68.90 | OK | |
r-devel-linux-x86_64-debian-gcc | 1.3 | 3.74 | 42.80 | 46.54 | OK | |
r-devel-linux-x86_64-fedora-clang | 1.3 | 116.19 | OK | |||
r-devel-linux-x86_64-fedora-gcc | 1.3 | 105.75 | OK | |||
r-devel-windows-x86_64 | 1.3 | 6.00 | 81.00 | 87.00 | OK | |
r-patched-linux-x86_64 | 1.3 | 5.91 | 57.05 | 62.96 | OK | |
r-release-linux-x86_64 | 1.3 | 5.40 | 57.49 | 62.89 | OK | |
r-release-macos-arm64 | 1.3 | 37.00 | OK | |||
r-release-macos-x86_64 | 1.3 | 92.00 | NOTE | |||
r-release-windows-x86_64 | 1.3 | 7.00 | 79.00 | 86.00 | OK | |
r-oldrel-macos-arm64 | 1.3 | 39.00 | OK | |||
r-oldrel-macos-x86_64 | 1.3 | 63.00 | OK | |||
r-oldrel-windows-x86_64 | 1.3 | 9.00 | 92.00 | 101.00 | OK |
Version: 1.3
Check: installed package size
Result: NOTE
installed size is 5.3Mb
sub-directories of 1Mb or more:
data 4.7Mb
Flavor: r-release-macos-x86_64