Last updated on 2025-01-19 01:48:19 CET.
Flavor | Version | Tinstall | Tcheck | Ttotal | Status | Flags |
---|---|---|---|---|---|---|
r-devel-linux-x86_64-debian-clang | 2.3.3 | 2.10 | 22.58 | 24.68 | NOTE | |
r-devel-linux-x86_64-debian-gcc | 2.3.3 | 2.02 | 17.50 | 19.52 | NOTE | |
r-devel-linux-x86_64-fedora-clang | 2.3.3 | 40.83 | NOTE | |||
r-devel-linux-x86_64-fedora-gcc | 2.3.3 | 37.93 | NOTE | |||
r-devel-windows-x86_64 | 2.3.3 | 5.00 | 43.00 | 48.00 | OK | |
r-patched-linux-x86_64 | 2.3.3 | 2.55 | 21.18 | 23.73 | NOTE | |
r-release-linux-x86_64 | 2.3.3 | 2.05 | 21.18 | 23.23 | NOTE | |
r-release-macos-arm64 | 2.3.3 | 16.00 | OK | |||
r-release-macos-x86_64 | 2.3.3 | 25.00 | OK | |||
r-release-windows-x86_64 | 2.3.3 | 3.00 | 41.00 | 44.00 | OK | |
r-oldrel-macos-arm64 | 2.3.3 | 17.00 | OK | |||
r-oldrel-macos-x86_64 | 2.3.3 | 22.00 | OK | |||
r-oldrel-windows-x86_64 | 2.3.3 | 7.00 | 43.00 | 50.00 | OK |
Version: 2.3.3
Check: for non-standard things in the check directory
Result: NOTE
Found the following files/directories:
‘Hello.csv’
Flavors: r-devel-linux-x86_64-debian-clang, r-devel-linux-x86_64-debian-gcc, r-devel-linux-x86_64-fedora-clang, r-devel-linux-x86_64-fedora-gcc, r-patched-linux-x86_64, r-release-linux-x86_64