Last updated on 2022-06-27 01:49:49 CEST.
Flavor | Version | Tinstall | Tcheck | Ttotal | Status | Flags |
---|---|---|---|---|---|---|
r-devel-linux-x86_64-debian-clang | 0.1-2 | 4.24 | 453.25 | 457.49 | NOTE | |
r-devel-linux-x86_64-debian-gcc | 0.1-2 | 2.55 | 327.61 | 330.16 | NOTE | |
r-devel-linux-x86_64-fedora-clang | 0.1-2 | 531.94 | NOTE | |||
r-devel-linux-x86_64-fedora-gcc | 0.1-2 | 542.88 | NOTE | |||
r-devel-windows-x86_64 | 0.1-2 | 24.00 | 455.00 | 479.00 | NOTE | |
r-patched-linux-x86_64 | 0.1-2 | 4.94 | 427.14 | 432.08 | NOTE | |
r-release-linux-x86_64 | 0.1-2 | 4.13 | 440.51 | 444.64 | NOTE | |
r-release-macos-arm64 | 0.1-2 | 165.00 | NOTE | |||
r-release-macos-x86_64 | 0.1-2 | 203.00 | NOTE | |||
r-release-windows-x86_64 | 0.1-2 | 26.00 | 441.00 | 467.00 | NOTE | |
r-oldrel-macos-arm64 | 0.1-2 | 193.00 | NOTE | |||
r-oldrel-macos-x86_64 | 0.1-2 | 341.00 | NOTE | |||
r-oldrel-windows-ix86+x86_64 | 0.1-2 | 8.00 | 520.00 | 528.00 | NOTE |
Version: 0.1-2
Check: LazyData
Result: NOTE
'LazyData' is specified without a 'data' directory
Flavors: r-devel-linux-x86_64-debian-clang, r-devel-linux-x86_64-debian-gcc, r-devel-linux-x86_64-fedora-clang, r-devel-linux-x86_64-fedora-gcc, r-devel-windows-x86_64, r-patched-linux-x86_64, r-release-linux-x86_64, r-release-macos-arm64, r-release-macos-x86_64, r-release-windows-x86_64, r-oldrel-macos-arm64, r-oldrel-macos-x86_64, r-oldrel-windows-ix86+x86_64