Last updated on 2024-04-23 01:56:54 CEST.
Flavor | Version | Tinstall | Tcheck | Ttotal | Status | Flags |
---|---|---|---|---|---|---|
r-devel-linux-x86_64-debian-clang | 0.2.5 | 16.98 | 272.57 | 289.55 | ERROR | |
r-devel-linux-x86_64-debian-gcc | 0.2.5 | 16.61 | 227.26 | 243.87 | OK | |
r-devel-linux-x86_64-fedora-clang | 0.2.5 | 433.21 | OK | |||
r-devel-linux-x86_64-fedora-gcc | 0.2.5 | 433.47 | OK | |||
r-prerel-macos-arm64 | 0.2.5 | 133.00 | NOTE | |||
r-prerel-macos-x86_64 | 0.2.5 | 285.00 | NOTE | |||
r-prerel-windows-x86_64 | 0.2.5 | 18.00 | 234.00 | 252.00 | OK | |
r-patched-linux-x86_64 | 0.2.5 | 18.45 | 304.75 | 323.20 | OK | |
r-release-linux-x86_64 | 0.2.5 | 20.02 | 321.03 | 341.05 | OK | |
r-release-macos-arm64 | 0.2.5 | 147.00 | NOTE | |||
r-release-macos-x86_64 | 0.2.5 | 352.00 | NOTE | |||
r-release-windows-x86_64 | 0.2.5 | 25.00 | 320.00 | 345.00 | OK | |
r-oldrel-macos-arm64 | 0.2.5 | 12.00 | ERROR | |||
r-oldrel-windows-x86_64 | 0.2.5 | 24.00 | 321.00 | 345.00 | OK |
Version: 0.2.5
Check: package dependencies
Result: NOTE
Packages suggested but not available for checking:
'SingleCellExperiment', 'SummarizedExperiment', 'scater',
'batchelor', 'scran'
Flavor: r-devel-linux-x86_64-debian-clang
Version: 0.2.5
Check: tests
Result: ERROR
Running ‘testthat.R’ [57s/70s]
Running the tests in ‘tests/testthat.R’ failed.
Complete output:
> library(testthat)
> library(Canek)
>
> test_check("Canek")
[ FAIL 1 | WARN 0 | SKIP 0 | PASS 74 ]
══ Failed tests ════════════════════════════════════════════════════════════════
── Error ('test_RunCanek.R:23:1'): (code run outside of `test_that()`) ─────────
<packageNotFoundError/error/condition>
Error in `loadNamespace(x)`: there is no package called 'SingleCellExperiment'
Backtrace:
▆
1. └─base::loadNamespace(x) at test_RunCanek.R:23:1
2. └─base::withRestarts(stop(cond), retry_loadNamespace = function() NULL)
3. └─base (local) withOneRestart(expr, restarts[[1L]])
4. └─base (local) doWithOneRestart(return(expr), restart)
[ FAIL 1 | WARN 0 | SKIP 0 | PASS 74 ]
Error: Test failures
Execution halted
Flavor: r-devel-linux-x86_64-debian-clang
Version: 0.2.5
Check: package dependencies
Result: NOTE
Package suggested but not available for checking: ‘batchelor’
Flavors: r-prerel-macos-arm64, r-release-macos-arm64, r-release-macos-x86_64
Version: 0.2.5
Check: package dependencies
Result: NOTE
Package suggested but not available for checking: ‘scater’
Flavor: r-prerel-macos-x86_64
Version: 0.2.5
Check: package dependencies
Result: ERROR
Package required but not available: ‘bluster’
Package suggested but not available for checking: ‘scran’
See section ‘The DESCRIPTION file’ in the ‘Writing R Extensions’
manual.
Flavor: r-oldrel-macos-arm64