Last updated on 2024-05-02 01:56:54 CEST.
Flavor | Version | Tinstall | Tcheck | Ttotal | Status | Flags |
---|---|---|---|---|---|---|
r-devel-linux-x86_64-debian-clang | 1.3.0 | 16.04 | 173.67 | 189.71 | NOTE | |
r-devel-linux-x86_64-debian-gcc | 1.3.0 | 11.17 | 123.60 | 134.77 | NOTE | |
r-devel-linux-x86_64-fedora-clang | 1.3.0 | 230.42 | NOTE | |||
r-devel-linux-x86_64-fedora-gcc | 1.3.0 | 225.69 | NOTE | |||
r-devel-windows-x86_64 | 1.3.0 | 12.00 | 143.00 | 155.00 | OK | |
r-patched-linux-x86_64 | 1.3.0 | 12.70 | 158.97 | 171.67 | NOTE | |
r-release-linux-x86_64 | 1.3.0 | 13.35 | 160.16 | 173.51 | NOTE | |
r-release-macos-arm64 | 1.3.0 | 67.00 | OK | |||
r-release-windows-x86_64 | 1.3.0 | 13.00 | 142.00 | 155.00 | OK | |
r-oldrel-macos-arm64 | 1.3.0 | 73.00 | OK | |||
r-oldrel-macos-x86_64 | 1.3.0 | 132.00 | OK | |||
r-oldrel-windows-x86_64 | 1.3.0 | 16.00 | 165.00 | 181.00 | OK |
Version: 1.3.0
Check: for non-standard things in the check directory
Result: NOTE
Found the following files/directories:
‘MDA231_tree.pdf’
Flavors: r-devel-linux-x86_64-debian-clang, r-devel-linux-x86_64-debian-gcc, r-devel-linux-x86_64-fedora-clang, r-devel-linux-x86_64-fedora-gcc, r-patched-linux-x86_64, r-release-linux-x86_64