CRAN Package Check Results for Package Cascade

Last updated on 2022-06-28 01:51:28 CEST.

Flavor Version Tinstall Tcheck Ttotal Status Flags
r-devel-linux-x86_64-debian-clang 2.0 15.35 123.22 138.57 NOTE
r-devel-linux-x86_64-debian-gcc 2.0 11.63 93.38 105.01 NOTE
r-devel-linux-x86_64-fedora-clang 2.0 175.92 NOTE
r-devel-linux-x86_64-fedora-gcc 2.0 173.53 NOTE
r-devel-windows-x86_64 2.0 31.00 154.00 185.00 NOTE
r-patched-linux-x86_64 2.0 13.79 119.87 133.66 OK
r-release-linux-x86_64 2.0 14.45 119.45 133.90 OK
r-release-macos-arm64 2.0 47.00 NOTE
r-release-macos-x86_64 2.0 68.00 NOTE
r-release-windows-x86_64 2.0 34.00 151.00 185.00 OK
r-oldrel-macos-arm64 2.0 55.00 NOTE
r-oldrel-macos-x86_64 2.0 77.00 NOTE
r-oldrel-windows-ix86+x86_64 2.0 28.00 144.00 172.00 OK

Check Details

Version: 2.0
Check: Rd files
Result: NOTE
    checkRd: (-1) plot-methods.Rd:46: Escaped LaTeX specials: \_
    checkRd: (-1) plot-methods.Rd:96: Escaped LaTeX specials: \_
Flavors: r-devel-linux-x86_64-debian-clang, r-devel-linux-x86_64-debian-gcc, r-devel-linux-x86_64-fedora-clang, r-devel-linux-x86_64-fedora-gcc, r-devel-windows-x86_64

Version: 2.0
Check: dependencies in R code
Result: NOTE
    Namespace in Imports field not imported from: ‘abind’
     All declared Imports should be used.
Flavors: r-devel-linux-x86_64-fedora-clang, r-devel-linux-x86_64-fedora-gcc, r-release-macos-arm64, r-release-macos-x86_64, r-oldrel-macos-arm64, r-oldrel-macos-x86_64