Last updated on 2022-06-26 01:48:45 CEST.
Flavor | Version | Tinstall | Tcheck | Ttotal | Status | Flags |
---|---|---|---|---|---|---|
r-devel-linux-x86_64-debian-clang | 0.2.7 | 27.21 | 382.32 | 409.53 | OK | |
r-devel-linux-x86_64-debian-gcc | 0.2.8 | 21.46 | 261.15 | 282.61 | OK | |
r-devel-linux-x86_64-fedora-clang | 0.2.8 | 448.74 | WARN | |||
r-devel-linux-x86_64-fedora-gcc | 0.2.8 | 424.24 | WARN | |||
r-devel-windows-x86_64 | 0.2.8 | 117.00 | 413.00 | 530.00 | OK | |
r-patched-linux-x86_64 | 0.2.8 | 25.35 | 332.38 | 357.73 | OK | |
r-release-linux-x86_64 | 0.2.8 | 23.92 | 328.27 | 352.19 | OK | |
r-release-macos-arm64 | 0.2.8 | 130.00 | OK | |||
r-release-macos-x86_64 | 0.2.8 | 164.00 | OK | |||
r-release-windows-x86_64 | 0.2.8 | 106.00 | 399.00 | 505.00 | OK | |
r-oldrel-macos-arm64 | 0.2.8 | 123.00 | OK | |||
r-oldrel-macos-x86_64 | 0.2.8 | 171.00 | OK | |||
r-oldrel-windows-ix86+x86_64 | 0.2.8 | 64.00 | 592.00 | 656.00 | OK |
Version: 0.2.8
Check: package dependencies
Result: WARN
Requires (indirectly) orphaned package: ‘gtools’
Flavors: r-devel-linux-x86_64-fedora-clang, r-devel-linux-x86_64-fedora-gcc