Last updated on 2024-04-19 01:58:38 CEST.
Flavor | Version | Tinstall | Tcheck | Ttotal | Status | Flags |
---|---|---|---|---|---|---|
r-devel-linux-x86_64-debian-clang | 2.1.1 | 45.88 | 251.22 | 297.10 | NOTE | |
r-devel-linux-x86_64-debian-gcc | 2.1.1 | 38.49 | 178.31 | 216.80 | NOTE | |
r-devel-linux-x86_64-fedora-clang | 2.1.1 | 373.41 | NOTE | |||
r-devel-linux-x86_64-fedora-gcc | 2.1.1 | 374.96 | NOTE | |||
r-prerel-macos-arm64 | 2.1.1 | 98.00 | NOTE | |||
r-prerel-windows-x86_64 | 2.1.1 | 40.00 | 208.00 | 248.00 | NOTE | |
r-patched-linux-x86_64 | 2.1.1 | 50.18 | 236.73 | 286.91 | NOTE | |
r-release-linux-x86_64 | 2.1.1 | 50.34 | 243.84 | 294.18 | OK | |
r-release-macos-arm64 | 2.1.1 | 104.00 | OK | |||
r-release-macos-x86_64 | 2.1.1 | 203.00 | OK | |||
r-release-windows-x86_64 | 2.1.1 | 53.00 | 249.00 | 302.00 | OK | |
r-oldrel-macos-arm64 | 2.1.1 | 85.00 | OK | |||
r-oldrel-windows-x86_64 | 2.1.1 | 50.00 | 246.00 | 296.00 | OK |
Version: 2.1.1
Check: Rd files
Result: NOTE
checkRd: (-1) CLV.Rd:51: Lost braces in \itemize; \value handles \item{}{} directly
checkRd: (-1) CLV.Rd:52: Lost braces in \itemize; \value handles \item{}{} directly
checkRd: (-1) CLV.Rd:53: Lost braces in \itemize; \value handles \item{}{} directly
checkRd: (-1) CLV.Rd:54: Lost braces in \itemize; \value handles \item{}{} directly
checkRd: (-1) CLV.Rd:55-56: Lost braces in \itemize; \value handles \item{}{} directly
checkRd: (-1) CLV.Rd:57: Lost braces in \itemize; \value handles \item{}{} directly
checkRd: (-1) CLV.Rd:58: Lost braces in \itemize; \value handles \item{}{} directly
checkRd: (-1) CLV.Rd:59-60: Lost braces in \itemize; \value handles \item{}{} directly
checkRd: (-1) CLV.Rd:65: Lost braces in \itemize; \value handles \item{}{} directly
checkRd: (-1) CLV.Rd:66: Lost braces in \itemize; \value handles \item{}{} directly
checkRd: (-1) CLV.Rd:67: Lost braces in \itemize; \value handles \item{}{} directly
checkRd: (-1) CLV3W.Rd:36: Lost braces in \itemize; \value handles \item{}{} directly
checkRd: (-1) CLV3W.Rd:37: Lost braces in \itemize; \value handles \item{}{} directly
checkRd: (-1) CLV3W.Rd:38: Lost braces in \itemize; \value handles \item{}{} directly
checkRd: (-1) CLV3W.Rd:39: Lost braces in \itemize; \value handles \item{}{} directly
checkRd: (-1) CLV3W.Rd:40: Lost braces in \itemize; \value handles \item{}{} directly
checkRd: (-1) CLV3W.Rd:41: Lost braces in \itemize; \value handles \item{}{} directly
checkRd: (-1) CLV3W.Rd:42: Lost braces in \itemize; \value handles \item{}{} directly
checkRd: (-1) CLV3W.Rd:43-44: Lost braces in \itemize; \value handles \item{}{} directly
checkRd: (-1) CLV3W.Rd:51: Lost braces in \itemize; \value handles \item{}{} directly
checkRd: (-1) CLV3W.Rd:52: Lost braces in \itemize; \value handles \item{}{} directly
checkRd: (-1) CLV3W.Rd:53: Lost braces in \itemize; \value handles \item{}{} directly
checkRd: (-1) CLV3W.Rd:54: Lost braces in \itemize; \value handles \item{}{} directly
checkRd: (-1) CLV3W.Rd:55: Lost braces in \itemize; \value handles \item{}{} directly
checkRd: (-1) CLV3W.Rd:60: Lost braces in \itemize; \value handles \item{}{} directly
checkRd: (-1) CLV3W.Rd:61: Lost braces in \itemize; \value handles \item{}{} directly
checkRd: (-1) CLV3W_kmeans.Rd:31: Lost braces in \itemize; \value handles \item{}{} directly
checkRd: (-1) CLV3W_kmeans.Rd:32: Lost braces in \itemize; \value handles \item{}{} directly
checkRd: (-1) CLV3W_kmeans.Rd:33: Lost braces in \itemize; \value handles \item{}{} directly
checkRd: (-1) CLV3W_kmeans.Rd:34: Lost braces in \itemize; \value handles \item{}{} directly
checkRd: (-1) CLV3W_kmeans.Rd:35: Lost braces in \itemize; \value handles \item{}{} directly
checkRd: (-1) CLV3W_kmeans.Rd:36: Lost braces in \itemize; \value handles \item{}{} directly
checkRd: (-1) CLV3W_kmeans.Rd:41: Lost braces in \itemize; \value handles \item{}{} directly
checkRd: (-1) LCLV.Rd:32: Lost braces in \itemize; \value handles \item{}{} directly
checkRd: (-1) LCLV.Rd:33: Lost braces in \itemize; \value handles \item{}{} directly
checkRd: (-1) LCLV.Rd:34: Lost braces in \itemize; \value handles \item{}{} directly
checkRd: (-1) LCLV.Rd:35: Lost braces in \itemize; \value handles \item{}{} directly
checkRd: (-1) LCLV.Rd:36: Lost braces in \itemize; \value handles \item{}{} directly
checkRd: (-1) LCLV.Rd:37: Lost braces in \itemize; \value handles \item{}{} directly
checkRd: (-1) LCLV.Rd:38: Lost braces in \itemize; \value handles \item{}{} directly
checkRd: (-1) LCLV.Rd:39-40: Lost braces in \itemize; \value handles \item{}{} directly
checkRd: (-1) LCLV.Rd:45: Lost braces in \itemize; \value handles \item{}{} directly
checkRd: (-1) LCLV.Rd:46: Lost braces in \itemize; \value handles \item{}{} directly
checkRd: (-1) LCLV.Rd:47: Lost braces in \itemize; \value handles \item{}{} directly
checkRd: (-1) LCLV.Rd:48: Lost braces in \itemize; \value handles \item{}{} directly
checkRd: (-1) LCLV.Rd:49: Lost braces in \itemize; \value handles \item{}{} directly
Flavors: r-devel-linux-x86_64-debian-clang, r-devel-linux-x86_64-debian-gcc, r-devel-linux-x86_64-fedora-clang, r-devel-linux-x86_64-fedora-gcc, r-prerel-macos-arm64, r-prerel-windows-x86_64, r-patched-linux-x86_64