Last updated on 2024-03-28 01:53:53 CET.
Flavor | Version | Tinstall | Tcheck | Ttotal | Status | Flags |
---|---|---|---|---|---|---|
r-devel-linux-x86_64-debian-clang | 1.7.7 | 17.27 | 150.78 | 168.05 | NOTE | |
r-devel-linux-x86_64-debian-gcc | 1.7.7 | 16.02 | 112.82 | 128.84 | NOTE | |
r-devel-linux-x86_64-fedora-clang | 1.7.7 | 232.13 | NOTE | |||
r-devel-linux-x86_64-fedora-gcc | 1.7.7 | 224.08 | NOTE | |||
r-devel-windows-x86_64 | 1.7.7 | 19.00 | 135.00 | 154.00 | NOTE | |
r-patched-linux-x86_64 | 1.7.7 | 13.45 | 147.11 | 160.56 | OK | |
r-release-linux-x86_64 | 1.7.7 | 21.79 | 146.21 | 168.00 | OK | |
r-release-macos-arm64 | 1.7.7 | 65.00 | OK | |||
r-release-macos-x86_64 | 1.7.7 | 100.00 | OK | |||
r-release-windows-x86_64 | 1.7.7 | 24.00 | 167.00 | 191.00 | OK | |
r-oldrel-macos-arm64 | 1.7.7 | 57.00 | OK | |||
r-oldrel-windows-x86_64 | 1.7.7 | 24.00 | 161.00 | 185.00 | OK |
Version: 1.7.7
Check: Rd \usage sections
Result: NOTE
Documented arguments not in \usage in Rd file 'calculate_connectivity.Rd':
‘datdf’
Documented arguments not in \usage in Rd file 'dunn_metric.Rd':
‘distance’ ‘method’
Documented arguments not in \usage in Rd file 'evaluate_all_column_dataset.Rd':
‘data’
Documented arguments not in \usage in Rd file 'information_external.Rd':
‘info’
Documented arguments not in \usage in Rd file 'information_internal.Rd':
‘info’
Functions with \usage entries need to have the appropriate \alias
entries, and all their arguments documented.
The \usage entries must correspond to syntactically valid R code.
See chapter ‘Writing R documentation files’ in the ‘Writing R
Extensions’ manual.
Flavors: r-devel-linux-x86_64-debian-clang, r-devel-linux-x86_64-debian-gcc, r-devel-linux-x86_64-fedora-clang, r-devel-linux-x86_64-fedora-gcc, r-devel-windows-x86_64