Last updated on 2024-08-16 01:48:15 CEST.
Flavor | Version | Tinstall | Tcheck | Ttotal | Status | Flags |
---|---|---|---|---|---|---|
r-devel-linux-x86_64-debian-clang | 0.1.2 | 4.06 | 1005.42 | 1009.48 | OK | |
r-devel-linux-x86_64-debian-gcc | 0.1.2 | 3.09 | 676.14 | 679.23 | OK | |
r-devel-linux-x86_64-fedora-clang | 0.1.2 | 1526.73 | OK | |||
r-devel-linux-x86_64-fedora-gcc | 0.1.2 | 1454.60 | OK | |||
r-devel-windows-x86_64 | 0.1.2 | 6.00 | 796.00 | 802.00 | OK | |
r-patched-linux-x86_64 | 0.1.2 | 4.70 | 914.76 | 919.46 | OK | |
r-release-linux-x86_64 | 0.1.2 | 4.25 | 930.53 | 934.78 | OK | |
r-release-macos-arm64 | 0.1.2 | 195.00 | OK | |||
r-release-macos-x86_64 | 0.1.2 | 408.00 | OK | |||
r-release-windows-x86_64 | 0.1.2 | 6.00 | 792.00 | 798.00 | OK | |
r-oldrel-macos-arm64 | 0.1.2 | 11.00 | ERROR | |||
r-oldrel-macos-x86_64 | 0.1.2 | 13.00 | ERROR | |||
r-oldrel-windows-x86_64 | 0.1.2 | 8.00 | 1111.00 | 1119.00 | OK |
Version: 0.1.2
Check: package dependencies
Result: ERROR
Package required and available but unsuitable version: ‘CodelistGenerator’
See section ‘The DESCRIPTION file’ in the ‘Writing R Extensions’
manual.
Flavors: r-oldrel-macos-arm64, r-oldrel-macos-x86_64